000
CDUS43 KMKX 210658
CLIMKE


CLIMATE REPORT
NATIONAL WEATHER SERVICE IN MILWAUKEE
158 AM CDT TUE APR 21 2015


...................................

...THE MILWAUKEE WI CLIMATE SUMMARY FOR APRIL 20 2015...

CLIMATE NORMAL PERIOD 1981 TO 2010
CLIMATE RECORD PERIOD 1871 TO 2015


WEATHER ITEM   OBSERVED TIME   RECORD YEAR NORMAL DEPARTURE LAST
                VALUE   (LST)  VALUE       VALUE  FROM      YEAR
                                                  NORMAL
..................................................................
TEMPERATURE (F)
 YESTERDAY
  MAXIMUM         50    819 AM  83    1985  56     -6       75
  MINIMUM         43   1159 PM  25    1904  39      4       46
  AVERAGE         47                        47      0       61

PRECIPITATION (IN)
  YESTERDAY        0.12          1.63 1874   0.12   0.00     0.00
  MONTH TO DATE    5.07                      2.42   2.65     2.54
  SINCE MAR 1      5.90                      4.69   1.21     3.66
  SINCE JAN 1      7.62                      8.10  -0.48     6.40

SNOWFALL (IN)
  YESTERDAY        0.0           3.5  1884   0.0    0.0      0.0
  MONTH TO DATE    0.0                       1.7   -1.7      0.3
  SINCE MAR 1      4.9                       8.7   -3.8      6.6
  SINCE JUL 1     43.0                      46.5   -3.5     63.4
  SNOW DEPTH       0

DEGREE DAYS
 HEATING
  YESTERDAY       18                        18      0        4
  MONTH TO DATE  343                       427    -84      444
  SINCE MAR 1   1274                      1356    -82     1554
  SINCE JUL 1   6606                      6336    270     7210

 COOLING
  YESTERDAY        0                         0      0        0
  MONTH TO DATE    0                         0      0        0
  SINCE MAR 1      0                         0      0        0
  SINCE JAN 1      0                         0      0        0
..................................................................


WIND (MPH)
  HIGHEST WIND SPEED    26   HIGHEST WIND DIRECTION     W (280)
  HIGHEST GUST SPEED    37   HIGHEST GUST DIRECTION     W (280)
  AVERAGE WIND SPEED    12.8


SKY COVER
  POSSIBLE SUNSHINE  MM
  AVERAGE SKY COVER 1.0


WEATHER CONDITIONS
 THE FOLLOWING WEATHER WAS RECORDED YESTERDAY.
  LIGHT RAIN
  FOG


RELATIVE HUMIDITY (PERCENT)
 HIGHEST    93           200 AM
 LOWEST     49          1100 PM
 AVERAGE    71

..........................................................


THE MILWAUKEE WI CLIMATE NORMALS FOR TODAY
                         NORMAL    RECORD    YEAR
 MAXIMUM TEMPERATURE (F)   56        84      1985
                                             1902
 MINIMUM TEMPERATURE (F)   39        25      1975


SUNRISE AND SUNSET
APRIL 21 2015.........SUNRISE   601 AM CDT   SUNSET   741 PM CDT
APRIL 22 2015.........SUNRISE   559 AM CDT   SUNSET   742 PM CDT


-  INDICATES NEGATIVE NUMBERS.
R  INDICATES RECORD WAS SET OR TIED.
MM INDICATES DATA IS MISSING.
T  INDICATES TRACE AMOUNT.




$$
