000
CDUS43 KMKX 062115
CLIMKE


CLIMATE REPORT
NATIONAL WEATHER SERVICE IN MILWAUKEE
413 PM CDT WED MAY 6 2015


...................................

...THE MILWAUKEE WI CLIMATE SUMMARY FOR MAY 6 2015...
VALID TODAY AS OF 0400 PM LOCAL TIME.

CLIMATE NORMAL PERIOD 1981 TO 2010
CLIMATE RECORD PERIOD 1871 TO 2015


WEATHER ITEM   OBSERVED TIME   RECORD YEAR NORMAL DEPARTURE LAST
                VALUE   (LST)  VALUE       VALUE  FROM      YEAR
                                                  NORMAL
..................................................................
TEMPERATURE (F)
 TODAY
  MAXIMUM         56    140 PM  91    1934  62     -6       51
  MINIMUM         45    622 AM  28    1967  44      1       38
  AVERAGE         51                        52     -1       45

PRECIPITATION (IN)
  TODAY            0.00          2.45 2012   0.11  -0.11      T
  MONTH TO DATE    0.44                      0.64  -0.20     0.03
  SINCE MAR 1      6.49                      6.47   0.02     5.41
  SINCE JAN 1      8.21                      9.88  -1.67     8.15

SNOWFALL (IN)
  TODAY            0.0           0.6  1989   0.0    0.0      0.0
  MONTH TO DATE    0.0                       0.0    0.0      0.0
  SINCE MAR 1      4.9                       9.0   -4.1      6.6
  SINCE JUL 1     43.0                      46.8   -3.8     63.4
  SNOW DEPTH       0

DEGREE DAYS
 HEATING
  TODAY           14                        13      1       20
  MONTH TO DATE   52                        81    -29      105
  SINCE MAR 1   1551                      1598    -47     1839
  SINCE JUL 1   6883                      6578    305     7495

 COOLING
  TODAY            0                         0      0        0
  MONTH TO DATE    4                         0      4        0
  SINCE MAR 1      4                         5     -1        0
  SINCE JAN 1      4                         5     -1        0
..................................................................


WIND (MPH)
  HIGHEST WIND SPEED    10   HIGHEST WIND DIRECTION     E (100)
  HIGHEST GUST SPEED    13   HIGHEST GUST DIRECTION     E (70)
  AVERAGE WIND SPEED     4.4


SKY COVER
  POSSIBLE SUNSHINE  MM
  AVERAGE SKY COVER 0.9


WEATHER CONDITIONS
 THE FOLLOWING WEATHER WAS RECORDED TODAY.
  FOG
  HAZE


RELATIVE HUMIDITY (PERCENT)
 HIGHEST    93           700 AM
 LOWEST     65           100 AM
 AVERAGE    79

..........................................................


THE MILWAUKEE WI CLIMATE NORMALS FOR TOMORROW
                         NORMAL    RECORD    YEAR
 MAXIMUM TEMPERATURE (F)   62        87      1936
 MINIMUM TEMPERATURE (F)   44        28      1885


SUNRISE AND SUNSET
MAY  6 2015...........SUNRISE   539 AM CDT   SUNSET   758 PM CDT
MAY  7 2015...........SUNRISE   538 AM CDT   SUNSET   759 PM CDT


-  INDICATES NEGATIVE NUMBERS.
R  INDICATES RECORD WAS SET OR TIED.
MM INDICATES DATA IS MISSING.
T  INDICATES TRACE AMOUNT.




$$
