000
CDUS43 KMKX 140654
CLIMKE


CLIMATE REPORT
NATIONAL WEATHER SERVICE IN MILWAUKEE
153 AM CDT TUE APR 14 2015


...................................

...THE MILWAUKEE WI CLIMATE SUMMARY FOR APRIL 13 2015...

CLIMATE NORMAL PERIOD 1981 TO 2010
CLIMATE RECORD PERIOD 1871 TO 2015


WEATHER ITEM   OBSERVED TIME   RECORD YEAR NORMAL DEPARTURE LAST
                VALUE   (LST)  VALUE       VALUE  FROM      YEAR
                                                  NORMAL
..................................................................
TEMPERATURE (F)
 YESTERDAY
  MAXIMUM         66    514 PM  79    1899  53     13       53
  MINIMUM         52   1159 PM  19    1950  37     15       37
  AVERAGE         59                        45     14       45

PRECIPITATION (IN)
  YESTERDAY        0.05          1.49 2014   0.13  -0.08     1.49
  MONTH TO DATE    4.01                      1.56   2.45     2.35
  SINCE MAR 1      4.84                      3.83   1.01     3.47
  SINCE JAN 1      6.56                      7.24  -0.68     6.21

SNOWFALL (IN)
  YESTERDAY        0.0           0.8  1962   0.1   -0.1      0.0
  MONTH TO DATE    0.0                       1.3   -1.3       T
  SINCE MAR 1      4.9                       8.3   -3.4      6.3
  SINCE JUL 1     43.0                      46.1   -3.1     63.1
  SNOW DEPTH       0

DEGREE DAYS
 HEATING
  YESTERDAY        6                        20    -14       20
  MONTH TO DATE  240                       294    -54      279
  SINCE MAR 1   1171                      1223    -52     1389
  SINCE JUL 1   6503                      6203    300     7045

 COOLING
  YESTERDAY        0                         0      0        0
  MONTH TO DATE    0                         0      0        0
  SINCE MAR 1      0                         0      0        0
  SINCE JAN 1      0                         0      0        0
..................................................................


WIND (MPH)
  HIGHEST WIND SPEED    26   HIGHEST WIND DIRECTION    NW (310)
  HIGHEST GUST SPEED    32   HIGHEST GUST DIRECTION    NW (300)
  AVERAGE WIND SPEED    12.9


SKY COVER
  POSSIBLE SUNSHINE  MM
  AVERAGE SKY COVER 0.7


WEATHER CONDITIONS
 THE FOLLOWING WEATHER WAS RECORDED YESTERDAY.
  LIGHT RAIN


RELATIVE HUMIDITY (PERCENT)
 HIGHEST    83           700 AM
 LOWEST     14           400 PM
 AVERAGE    49

..........................................................


THE MILWAUKEE WI CLIMATE NORMALS FOR TODAY
                         NORMAL    RECORD    YEAR
 MAXIMUM TEMPERATURE (F)   53        85      2003
 MINIMUM TEMPERATURE (F)   37        22      1928
                                             1907


SUNRISE AND SUNSET
APRIL 14 2015.........SUNRISE   612 AM CDT   SUNSET   733 PM CDT
APRIL 15 2015.........SUNRISE   610 AM CDT   SUNSET   734 PM CDT


-  INDICATES NEGATIVE NUMBERS.
R  INDICATES RECORD WAS SET OR TIED.
MM INDICATES DATA IS MISSING.
T  INDICATES TRACE AMOUNT.




$$
