000
CDUS43 KMKX 240650
CLIMKE


CLIMATE REPORT
NATIONAL WEATHER SERVICE IN MILWAUKEE
149 AM CDT FRI APR 24 2015


...................................

...THE MILWAUKEE WI CLIMATE SUMMARY FOR APRIL 23 2015...

CLIMATE NORMAL PERIOD 1981 TO 2010
CLIMATE RECORD PERIOD 1871 TO 2015


WEATHER ITEM   OBSERVED TIME   RECORD YEAR NORMAL DEPARTURE LAST
                VALUE   (LST)  VALUE       VALUE  FROM      YEAR
                                                  NORMAL
..................................................................
TEMPERATURE (F)
 YESTERDAY
  MAXIMUM         51    146 PM  85    1960  57     -6       45
  MINIMUM         32    446 AM  22    1910  40     -8       33
  AVERAGE         42                        48     -6       39

PRECIPITATION (IN)
  YESTERDAY        0.00          1.52 1999   0.11  -0.11      T
  MONTH TO DATE    5.07                      2.77   2.30     2.57
  SINCE MAR 1      5.90                      5.04   0.86     3.69
  SINCE JAN 1      7.62                      8.45  -0.83     6.43

SNOWFALL (IN)
  YESTERDAY        0.0           8.0  1910   0.1   -0.1      0.0
  MONTH TO DATE    T                         1.9   -1.9      0.3
  SINCE MAR 1      4.9                       8.9   -4.0      6.6
  SINCE JUL 1     43.0                      46.7   -3.7     63.4
  SNOW DEPTH       0

DEGREE DAYS
 HEATING
  YESTERDAY       23                        17      6       26
  MONTH TO DATE  416                       479    -63      489
  SINCE MAR 1   1347                      1408    -61     1599
  SINCE JUL 1   6679                      6388    291     7255

 COOLING
  YESTERDAY        0                         0      0        0
  MONTH TO DATE    0                         0      0        0
  SINCE MAR 1      0                         0      0        0
  SINCE JAN 1      0                         0      0        0
..................................................................


WIND (MPH)
  HIGHEST WIND SPEED    21   HIGHEST WIND DIRECTION     W (290)
  HIGHEST GUST SPEED    27   HIGHEST GUST DIRECTION     W (290)
  AVERAGE WIND SPEED     8.8


SKY COVER
  POSSIBLE SUNSHINE  MM
  AVERAGE SKY COVER 0.2


WEATHER CONDITIONS
 THE FOLLOWING WEATHER WAS RECORDED YESTERDAY.
  NO SIGNIFICANT WEATHER WAS OBSERVED.


RELATIVE HUMIDITY (PERCENT)
 HIGHEST    75          1200 AM
 LOWEST     31           100 PM
 AVERAGE    53

..........................................................


THE MILWAUKEE WI CLIMATE NORMALS FOR TODAY
                         NORMAL    RECORD    YEAR
 MAXIMUM TEMPERATURE (F)   57        87      1990
 MINIMUM TEMPERATURE (F)   40        27      1971


SUNRISE AND SUNSET
APRIL 24 2015.........SUNRISE   556 AM CDT   SUNSET   744 PM CDT
APRIL 25 2015.........SUNRISE   555 AM CDT   SUNSET   745 PM CDT


-  INDICATES NEGATIVE NUMBERS.
R  INDICATES RECORD WAS SET OR TIED.
MM INDICATES DATA IS MISSING.
T  INDICATES TRACE AMOUNT.




$$
