000
CDUS43 KMKX 042149
CLIMSN


CLIMATE REPORT
NATIONAL WEATHER SERVICE IN MILWAUKEE
446 PM CDT MON MAY 4 2015


...................................

...THE MADISON WI CLIMATE SUMMARY FOR MAY 4 2015...
VALID TODAY AS OF 0400 PM LOCAL TIME.

CLIMATE NORMAL PERIOD 1981 TO 2010
CLIMATE RECORD PERIOD 1871 TO 2015


WEATHER ITEM   OBSERVED TIME   RECORD YEAR NORMAL DEPARTURE LAST
                VALUE   (LST)  VALUE       VALUE  FROM      YEAR
                                                  NORMAL
..................................................................
TEMPERATURE (F)
 TODAY
  MAXIMUM         75    227 PM  90    1952  65     10       60
  MINIMUM         56    433 AM  26    1966  42     14       43
  AVERAGE         66                        54     12       52

PRECIPITATION (IN)
  TODAY            0.17          0.99 1913   0.11   0.06     0.00
  MONTH TO DATE    0.39                      0.43  -0.04     0.05
  SINCE MAR 1      5.53                      6.03  -0.50     6.44
  SINCE JAN 1      6.73                      8.71  -1.98     8.33

SNOWFALL (IN)
  TODAY            0.0           T    1967   0.1   -0.1      0.0
  MONTH TO DATE    0.0                       0.1   -0.1      0.0
  SINCE MAR 1      4.2                       9.7   -5.5      9.2
  SINCE JUL 1     33.7                      50.8  -17.1     59.2
  SNOW DEPTH       0

DEGREE DAYS
 HEATING
  TODAY            0                        12    -12       13
  MONTH TO DATE   14                        49    -35       58
  SINCE MAR 1   1443                      1570   -127     1786
  SINCE JUL 1   7154                      7056     98     7898

 COOLING
  TODAY            1                         0      1        0
  MONTH TO DATE    3                         0      3        0
  SINCE MAR 1      3                         4     -1        0
  SINCE JAN 1      3                         4     -1        0
..................................................................


WIND (MPH)
  HIGHEST WIND SPEED    13   HIGHEST WIND DIRECTION    NE (30)
  HIGHEST GUST SPEED    20   HIGHEST GUST DIRECTION    NE (40)
  AVERAGE WIND SPEED     6.7


SKY COVER
  POSSIBLE SUNSHINE  MM
  AVERAGE SKY COVER 0.6


WEATHER CONDITIONS
 THE FOLLOWING WEATHER WAS RECORDED TODAY.
  THUNDERSTORM
  RAIN
  LIGHT RAIN
  FOG


RELATIVE HUMIDITY (PERCENT)
 HIGHEST    93           400 AM
 LOWEST     46           200 PM
 AVERAGE    70

..........................................................


THE MADISON WI CLIMATE NORMALS FOR TOMORROW
                         NORMAL    RECORD    YEAR
 MAXIMUM TEMPERATURE (F)   65        90      1949
 MINIMUM TEMPERATURE (F)   43        29      1992
                                             1958


SUNRISE AND SUNSET
MAY  4 2015...........SUNRISE   547 AM CDT   SUNSET   802 PM CDT
MAY  5 2015...........SUNRISE   546 AM CDT   SUNSET   803 PM CDT


-  INDICATES NEGATIVE NUMBERS.
R  INDICATES RECORD WAS SET OR TIED.
MM INDICATES DATA IS MISSING.
T  INDICATES TRACE AMOUNT.




$$

HAHN
