000
CDUS43 KMKX 230659
CLIMSN


CLIMATE REPORT
NATIONAL WEATHER SERVICE IN MILWAUKEE
159 AM CDT THU APR 23 2015


...................................

...THE MADISON WI CLIMATE SUMMARY FOR APRIL 22 2015...

CLIMATE NORMAL PERIOD 1981 TO 2010
CLIMATE RECORD PERIOD 1871 TO 2015


WEATHER ITEM   OBSERVED TIME   RECORD YEAR NORMAL DEPARTURE LAST
                VALUE   (LST)  VALUE       VALUE  FROM      YEAR
                                                  NORMAL
..................................................................
TEMPERATURE (F)
 YESTERDAY
  MAXIMUM         46    521 PM  94    1980  60    -14       59
  MINIMUM         32    613 AM  19    1986  38     -6       36
  AVERAGE         39                        49    -10       48

PRECIPITATION (IN)
  YESTERDAY        0.01          1.69 1999   0.12  -0.11     0.00
  MONTH TO DATE    4.14                      2.48   1.66     3.41
  SINCE MAR 1      4.90                      4.68   0.22     4.67
  SINCE JAN 1      6.10                      7.36  -1.26     6.56

SNOWFALL (IN)
  YESTERDAY        0.0           2.0  1984   0.1   -0.1      0.0
  MONTH TO DATE    T                         2.3   -2.3      1.0
  SINCE MAR 1      4.2                       9.3   -5.1      9.2
  SINCE JUL 1     33.7                      50.4  -16.7     59.2
  SNOW DEPTH       0

DEGREE DAYS
 HEATING
  YESTERDAY       26                        16     10       17
  MONTH TO DATE  344                       443    -99      434
  SINCE MAR 1   1279                      1406   -127     1582
  SINCE JUL 1   6990                      6892     98     7694

 COOLING
  YESTERDAY        0                         0      0        0
  MONTH TO DATE    0                         0      0        0
  SINCE MAR 1      0                         0      0        0
  SINCE JAN 1      0                         0      0        0
..................................................................


WIND (MPH)
  HIGHEST WIND SPEED    18   HIGHEST WIND DIRECTION    NW (310)
  HIGHEST GUST SPEED    26   HIGHEST GUST DIRECTION     W (290)
  AVERAGE WIND SPEED     9.2


SKY COVER
  POSSIBLE SUNSHINE  MM
  AVERAGE SKY COVER 0.8


WEATHER CONDITIONS
 THE FOLLOWING WEATHER WAS RECORDED YESTERDAY.
  LIGHT SNOW
  FOG


RELATIVE HUMIDITY (PERCENT)
 HIGHEST    82           100 AM
 LOWEST     37           500 PM
 AVERAGE    60

..........................................................


THE MADISON WI CLIMATE NORMALS FOR TODAY
                         NORMAL    RECORD    YEAR
 MAXIMUM TEMPERATURE (F)   61        83      1960
 MINIMUM TEMPERATURE (F)   39        19      1910


SUNRISE AND SUNSET
APRIL 23 2015.........SUNRISE   603 AM CDT   SUNSET   749 PM CDT
APRIL 24 2015.........SUNRISE   601 AM CDT   SUNSET   750 PM CDT


-  INDICATES NEGATIVE NUMBERS.
R  INDICATES RECORD WAS SET OR TIED.
MM INDICATES DATA IS MISSING.
T  INDICATES TRACE AMOUNT.




$$
