000
CDUS43 KMKX 290659
CLIMSN


CLIMATE REPORT
NATIONAL WEATHER SERVICE IN MILWAUKEE
155 AM CDT WED APR 29 2015


...................................

...THE MADISON WI CLIMATE SUMMARY FOR APRIL 28 2015...

CLIMATE NORMAL PERIOD 1981 TO 2010
CLIMATE RECORD PERIOD 1871 TO 2015


WEATHER ITEM   OBSERVED TIME   RECORD YEAR NORMAL DEPARTURE LAST
                VALUE   (LST)  VALUE       VALUE  FROM      YEAR
                                                  NORMAL
..................................................................
TEMPERATURE (F)
 YESTERDAY
  MAXIMUM         67    424 PM  90    1952  63      4       50
  MINIMUM         32    501 AM  27    1988  40     -8       42
                                      1982
                                      1966
  AVERAGE         50                        52     -2       46

PRECIPITATION (IN)
  YESTERDAY        0.00          1.91 1975   0.12  -0.12     0.68
  MONTH TO DATE    4.38                      3.17   1.21     4.89
  SINCE MAR 1      5.14                      5.37  -0.23     6.15
  SINCE JAN 1      6.34                      8.05  -1.71     8.04

SNOWFALL (IN)
  YESTERDAY        0.0           T    2012   0.0    0.0      0.0
                                      2008
                                      1969
  MONTH TO DATE    T                         2.5   -2.5      1.0
  SINCE MAR 1      4.2                       9.5   -5.3      9.2
  SINCE JUL 1     33.7                      50.6  -16.9     59.2
  SNOW DEPTH       0

DEGREE DAYS
 HEATING
  YESTERDAY       15                        14      1       19
  MONTH TO DATE  465                       532    -67      542
  SINCE MAR 1   1400                      1495    -95     1690
  SINCE JUL 1   7111                      6981    130     7802

 COOLING
  YESTERDAY        0                         0      0        0
  MONTH TO DATE    0                         0      0        0
  SINCE MAR 1      0                         0      0        0
  SINCE JAN 1      0                         0      0        0
..................................................................


WIND (MPH)
  HIGHEST WIND SPEED    15   HIGHEST WIND DIRECTION    NE (30)
  HIGHEST GUST SPEED    20   HIGHEST GUST DIRECTION    NE (40)
  AVERAGE WIND SPEED     5.6


SKY COVER
  POSSIBLE SUNSHINE  MM
  AVERAGE SKY COVER 0.4


WEATHER CONDITIONS
 THE FOLLOWING WEATHER WAS RECORDED YESTERDAY.
  NO SIGNIFICANT WEATHER WAS OBSERVED.


RELATIVE HUMIDITY (PERCENT)
 HIGHEST    92           600 AM
 LOWEST     32           300 PM
 AVERAGE    62

..........................................................


THE MADISON WI CLIMATE NORMALS FOR TODAY
                         NORMAL    RECORD    YEAR
 MAXIMUM TEMPERATURE (F)   63        87      1952
 MINIMUM TEMPERATURE (F)   41        22      1977


SUNRISE AND SUNSET
APRIL 29 2015.........SUNRISE   554 AM CDT   SUNSET   756 PM CDT
APRIL 30 2015.........SUNRISE   553 AM CDT   SUNSET   757 PM CDT


-  INDICATES NEGATIVE NUMBERS.
R  INDICATES RECORD WAS SET OR TIED.
MM INDICATES DATA IS MISSING.
T  INDICATES TRACE AMOUNT.




$$
