000
CDUS43 KMKX 220654
CLIMSN


CLIMATE REPORT
NATIONAL WEATHER SERVICE IN MILWAUKEE
154 AM CDT WED APR 22 2015


...................................

...THE MADISON WI CLIMATE SUMMARY FOR APRIL 21 2015...

CLIMATE NORMAL PERIOD 1981 TO 2010
CLIMATE RECORD PERIOD 1871 TO 2015


WEATHER ITEM   OBSERVED TIME   RECORD YEAR NORMAL DEPARTURE LAST
                VALUE   (LST)  VALUE       VALUE  FROM      YEAR
                                                  NORMAL
..................................................................
TEMPERATURE (F)
 YESTERDAY
  MAXIMUM         42    358 PM  84    1980  60    -18       70
  MINIMUM         34   1147 PM  21    1981  38     -4       50
  AVERAGE         38                        49    -11       60

PRECIPITATION (IN)
  YESTERDAY        0.02          1.22 1972   0.11  -0.09     0.05
  MONTH TO DATE    4.13                      2.36   1.77     3.41
  SINCE MAR 1      4.89                      4.56   0.33     4.67
  SINCE JAN 1      6.09                      7.24  -1.15     6.56

SNOWFALL (IN)
  YESTERDAY        T             1.0  1905   0.0    0.0      0.0
  MONTH TO DATE    T                         2.2   -2.2      1.0
  SINCE MAR 1      4.2                       9.2   -5.0      9.2
  SINCE JUL 1     33.7                      50.3  -16.6     59.2
  SNOW DEPTH       0

DEGREE DAYS
 HEATING
  YESTERDAY       27                        16     11        5
  MONTH TO DATE  318                       427   -109      417
  SINCE MAR 1   1253                      1390   -137     1565
  SINCE JUL 1   6964                      6876     88     7677

 COOLING
  YESTERDAY        0                         0      0        0
  MONTH TO DATE    0                         0      0        0
  SINCE MAR 1      0                         0      0        0
  SINCE JAN 1      0                         0      0        0
..................................................................


WIND (MPH)
  HIGHEST WIND SPEED    22   HIGHEST WIND DIRECTION     W (270)
  HIGHEST GUST SPEED    32   HIGHEST GUST DIRECTION     W (280)
  AVERAGE WIND SPEED    10.4


SKY COVER
  POSSIBLE SUNSHINE  MM
  AVERAGE SKY COVER 1.0


WEATHER CONDITIONS
 THE FOLLOWING WEATHER WAS RECORDED YESTERDAY.
  LIGHT RAIN
  LIGHT SNOW
  SLEET
  FOG


RELATIVE HUMIDITY (PERCENT)
 HIGHEST    75          1000 PM
 LOWEST     49           400 PM
 AVERAGE    62

..........................................................


THE MADISON WI CLIMATE NORMALS FOR TODAY
                         NORMAL    RECORD    YEAR
 MAXIMUM TEMPERATURE (F)   60        94      1980
 MINIMUM TEMPERATURE (F)   38        19      1986


SUNRISE AND SUNSET
APRIL 22 2015.........SUNRISE   605 AM CDT   SUNSET   748 PM CDT
APRIL 23 2015.........SUNRISE   603 AM CDT   SUNSET   749 PM CDT


-  INDICATES NEGATIVE NUMBERS.
R  INDICATES RECORD WAS SET OR TIED.
MM INDICATES DATA IS MISSING.
T  INDICATES TRACE AMOUNT.




$$
