000
CDUS43 KMKX 270647
CLIMSN


CLIMATE REPORT
NATIONAL WEATHER SERVICE IN MILWAUKEE
142 AM CDT MON APR 27 2015


...................................

...THE MADISON WI CLIMATE SUMMARY FOR APRIL 26 2015...

CLIMATE NORMAL PERIOD 1981 TO 2010
CLIMATE RECORD PERIOD 1871 TO 2015


WEATHER ITEM   OBSERVED TIME   RECORD YEAR NORMAL DEPARTURE LAST
                VALUE   (LST)  VALUE       VALUE  FROM      YEAR
                                                  NORMAL
..................................................................
TEMPERATURE (F)
 YESTERDAY
  MAXIMUM         61    404 PM  84    1990  62     -1       54
                                      1962
  MINIMUM         31    130 AM  25    1980  40     -9       36
  AVERAGE         46                        51     -5       45

PRECIPITATION (IN)
  YESTERDAY        0.00          1.00 1995   0.11  -0.11     0.00
  MONTH TO DATE    4.38                      2.93   1.45     3.96
  SINCE MAR 1      5.14                      5.13   0.01     5.22
  SINCE JAN 1      6.34                      7.81  -1.47     7.11

SNOWFALL (IN)
  YESTERDAY        0.0           T    1950   0.1   -0.1      0.0
  MONTH TO DATE    T                         2.5   -2.5      1.0
  SINCE MAR 1      4.2                       9.5   -5.3      9.2
  SINCE JUL 1     33.7                      50.6  -16.9     59.2
  SNOW DEPTH       0

DEGREE DAYS
 HEATING
  YESTERDAY       19                        15      4       20
  MONTH TO DATE  434                       504    -70      505
  SINCE MAR 1   1369                      1467    -98     1653
  SINCE JUL 1   7080                      6953    127     7765

 COOLING
  YESTERDAY        0                         0      0        0
  MONTH TO DATE    0                         0      0        0
  SINCE MAR 1      0                         0      0        0
  SINCE JAN 1      0                         0      0        0
..................................................................


WIND (MPH)
  HIGHEST WIND SPEED    17   HIGHEST WIND DIRECTION     E (90)
  HIGHEST GUST SPEED    20   HIGHEST GUST DIRECTION     E (90)
  AVERAGE WIND SPEED     7.1


SKY COVER
  POSSIBLE SUNSHINE  MM
  AVERAGE SKY COVER 0.1


WEATHER CONDITIONS
 THE FOLLOWING WEATHER WAS RECORDED YESTERDAY.
  NO SIGNIFICANT WEATHER WAS OBSERVED.


RELATIVE HUMIDITY (PERCENT)
 HIGHEST    72           500 AM
 LOWEST     25           500 PM
 AVERAGE    49

..........................................................


THE MADISON WI CLIMATE NORMALS FOR TODAY
                         NORMAL    RECORD    YEAR
 MAXIMUM TEMPERATURE (F)   62        85      1952
 MINIMUM TEMPERATURE (F)   40        24      1976


SUNRISE AND SUNSET
APRIL 27 2015.........SUNRISE   557 AM CDT   SUNSET   754 PM CDT
APRIL 28 2015.........SUNRISE   556 AM CDT   SUNSET   755 PM CDT


-  INDICATES NEGATIVE NUMBERS.
R  INDICATES RECORD WAS SET OR TIED.
MM INDICATES DATA IS MISSING.
T  INDICATES TRACE AMOUNT.




$$
