000
CDUS43 KMKX 070050
CLIMSN


CLIMATE REPORT
NATIONAL WEATHER SERVICE IN MILWAUKEE
749 PM CDT WED MAY 6 2015


...................................

...THE MADISON WI CLIMATE SUMMARY FOR MAY 6 2015...
VALID TODAY AS OF 0700 PM LOCAL TIME.

CLIMATE NORMAL PERIOD 1981 TO 2010
CLIMATE RECORD PERIOD 1871 TO 2015


WEATHER ITEM   OBSERVED TIME   RECORD YEAR NORMAL DEPARTURE LAST
                VALUE   (LST)  VALUE       VALUE  FROM      YEAR
                                                  NORMAL
..................................................................
TEMPERATURE (F)
 TODAY
  MAXIMUM         77    500 PM  92    1934  65     12       64
  MINIMUM         49    558 AM  25    1992  43      6       37
                                      1970
  AVERAGE         63                        54      9       51

PRECIPITATION (IN)
  TODAY            0.09          2.55 1960   0.11  -0.02     0.00
  MONTH TO DATE    0.88                      0.65   0.23     0.05
  SINCE MAR 1      6.02                      6.25  -0.23     6.44
  SINCE JAN 1      7.22                      8.93  -1.71     8.33

SNOWFALL (IN)
  TODAY            0.0           0.5  1989   0.0    0.0      0.0
  MONTH TO DATE    0.0                       0.1   -0.1      0.0
  SINCE MAR 1      4.2                       9.7   -5.5      9.2
  SINCE JUL 1     33.7                      50.8  -17.1     59.2
  SNOW DEPTH       0

DEGREE DAYS
 HEATING
  TODAY            2                        11     -9       14
  MONTH TO DATE   27                        71    -44       86
  SINCE MAR 1   1456                      1592   -136     1814
  SINCE JUL 1   7167                      7078     89     7926

 COOLING
  TODAY            0                         0      0        0
  MONTH TO DATE    3                         0      3        0
  SINCE MAR 1      3                         4     -1        0
  SINCE JAN 1      3                         4     -1        0
..................................................................


WIND (MPH)
  HIGHEST WIND SPEED    16   HIGHEST WIND DIRECTION    SE (130)
  HIGHEST GUST SPEED    22   HIGHEST GUST DIRECTION    SE (120)
  AVERAGE WIND SPEED     9.0


SKY COVER
  POSSIBLE SUNSHINE  MM
  AVERAGE SKY COVER 0.9


WEATHER CONDITIONS
 THE FOLLOWING WEATHER WAS RECORDED TODAY.
  RAIN
  LIGHT RAIN
  FOG
  HAZE


RELATIVE HUMIDITY (PERCENT)
 HIGHEST    93           400 AM
 LOWEST     60           500 PM
 AVERAGE    77

..........................................................


THE MADISON WI CLIMATE NORMALS FOR TOMORROW
                         NORMAL    RECORD    YEAR
 MAXIMUM TEMPERATURE (F)   66        86      1880
 MINIMUM TEMPERATURE (F)   43        24      1989


SUNRISE AND SUNSET
MAY  6 2015...........SUNRISE   545 AM CDT   SUNSET   804 PM CDT
MAY  7 2015...........SUNRISE   543 AM CDT   SUNSET   805 PM CDT


-  INDICATES NEGATIVE NUMBERS.
R  INDICATES RECORD WAS SET OR TIED.
MM INDICATES DATA IS MISSING.
T  INDICATES TRACE AMOUNT.




$$
