000
CDUS43 KMKX 240650
CLIMSN


CLIMATE REPORT
NATIONAL WEATHER SERVICE IN MILWAUKEE
149 AM CDT FRI APR 24 2015


...................................

...THE MADISON WI CLIMATE SUMMARY FOR APRIL 23 2015...

CLIMATE NORMAL PERIOD 1981 TO 2010
CLIMATE RECORD PERIOD 1871 TO 2015


WEATHER ITEM   OBSERVED TIME   RECORD YEAR NORMAL DEPARTURE LAST
                VALUE   (LST)  VALUE       VALUE  FROM      YEAR
                                                  NORMAL
..................................................................
TEMPERATURE (F)
 YESTERDAY
  MAXIMUM         54    424 PM  83    1960  61     -7       57
  MINIMUM         28    338 AM  19    1910  39    -11       29
  AVERAGE         41                        50     -9       43

PRECIPITATION (IN)
  YESTERDAY        0.00          1.23 1944   0.11  -0.11     0.14
  MONTH TO DATE    4.14                      2.59   1.55     3.55
  SINCE MAR 1      4.90                      4.79   0.11     4.81
  SINCE JAN 1      6.10                      7.47  -1.37     6.70

SNOWFALL (IN)
  YESTERDAY        0.0           7.3  1910   0.0    0.0      0.0
  MONTH TO DATE    T                         2.3   -2.3      1.0
  SINCE MAR 1      4.2                       9.3   -5.1      9.2
  SINCE JUL 1     33.7                      50.4  -16.7     59.2
  SNOW DEPTH       0

DEGREE DAYS
 HEATING
  YESTERDAY       24                        16      8       22
  MONTH TO DATE  368                       459    -91      456
  SINCE MAR 1   1303                      1422   -119     1604
  SINCE JUL 1   7014                      6908    106     7716

 COOLING
  YESTERDAY        0                         0      0        0
  MONTH TO DATE    0                         0      0        0
  SINCE MAR 1      0                         0      0        0
  SINCE JAN 1      0                         0      0        0
..................................................................


WIND (MPH)
  HIGHEST WIND SPEED    18   HIGHEST WIND DIRECTION    NW (310)
  HIGHEST GUST SPEED    25   HIGHEST GUST DIRECTION    NW (320)
  AVERAGE WIND SPEED     6.3


SKY COVER
  POSSIBLE SUNSHINE  MM
  AVERAGE SKY COVER 0.1


WEATHER CONDITIONS
 THE FOLLOWING WEATHER WAS RECORDED YESTERDAY.
  NO SIGNIFICANT WEATHER WAS OBSERVED.


RELATIVE HUMIDITY (PERCENT)
 HIGHEST    69           300 AM
 LOWEST     19           300 PM
 AVERAGE    44

..........................................................


THE MADISON WI CLIMATE NORMALS FOR TODAY
                         NORMAL    RECORD    YEAR
 MAXIMUM TEMPERATURE (F)   61        85      1990
 MINIMUM TEMPERATURE (F)   39        21      1910


SUNRISE AND SUNSET
APRIL 24 2015.........SUNRISE   601 AM CDT   SUNSET   750 PM CDT
APRIL 25 2015.........SUNRISE   600 AM CDT   SUNSET   751 PM CDT


-  INDICATES NEGATIVE NUMBERS.
R  INDICATES RECORD WAS SET OR TIED.
MM INDICATES DATA IS MISSING.
T  INDICATES TRACE AMOUNT.




$$
