000
CDUS43 KMKX 152141
CLIMSN


CLIMATE REPORT
NATIONAL WEATHER SERVICE IN MILWAUKEE
441 PM CDT WED APR 15 2015


...................................

...THE MADISON WI CLIMATE SUMMARY FOR APRIL 15 2015...
VALID TODAY AS OF 0400 PM LOCAL TIME.

CLIMATE NORMAL PERIOD 1981 TO 2010
CLIMATE RECORD PERIOD 1871 TO 2015


WEATHER ITEM   OBSERVED TIME   RECORD YEAR NORMAL DEPARTURE LAST
                VALUE   (LST)  VALUE       VALUE  FROM      YEAR
                                                  NORMAL
..................................................................
TEMPERATURE (F)
 TODAY
  MAXIMUM         67    236 PM  87    2002  57     10       37
  MINIMUM         37    355 AM  18    2014  36      1       18
                                      1928
  AVERAGE         52                        46      6       28

PRECIPITATION (IN)
  TODAY            0.00          1.51 1998   0.11  -0.11      T
  MONTH TO DATE    3.42                      1.66   1.76     3.35
  SINCE MAR 1      4.18                      3.86   0.32     4.61
  SINCE JAN 1      5.38                      6.54  -1.16     6.50

SNOWFALL (IN)
  TODAY            0.0           4.5  1923   0.1   -0.1       T
  MONTH TO DATE    0.0                       1.8   -1.8      1.0
  SINCE MAR 1      4.2                       8.8   -4.6      9.2
  SINCE JUL 1     33.7                      49.9  -16.2     59.2
  SNOW DEPTH       0

DEGREE DAYS
 HEATING
  TODAY           13                        19     -6       37
  MONTH TO DATE  244                       323    -79      329
  SINCE MAR 1   1179                      1286   -107     1477
  SINCE JUL 1   6890                      6772    118     7589

 COOLING
  TODAY            0                         0      0        0
  MONTH TO DATE    0                         0      0        0
  SINCE MAR 1      0                         0      0        0
  SINCE JAN 1      0                         0      0        0
..................................................................


WIND (MPH)
  HIGHEST WIND SPEED    23   HIGHEST WIND DIRECTION     E (100)
  HIGHEST GUST SPEED    29   HIGHEST GUST DIRECTION     E (90)
  AVERAGE WIND SPEED     8.7


SKY COVER
  POSSIBLE SUNSHINE  MM
  AVERAGE SKY COVER 0.5


WEATHER CONDITIONS
 THE FOLLOWING WEATHER WAS RECORDED TODAY.
  NO SIGNIFICANT WEATHER WAS OBSERVED.


RELATIVE HUMIDITY (PERCENT)
 HIGHEST    70           200 AM
 LOWEST     16          1200 PM
 AVERAGE    43

..........................................................


THE MADISON WI CLIMATE NORMALS FOR TOMORROW
                         NORMAL    RECORD    YEAR
 MAXIMUM TEMPERATURE (F)   58        86      2002
 MINIMUM TEMPERATURE (F)   36        12      1875


SUNRISE AND SUNSET
APRIL 15 2015.........SUNRISE   616 AM CDT   SUNSET   740 PM CDT
APRIL 16 2015.........SUNRISE   614 AM CDT   SUNSET   741 PM CDT


-  INDICATES NEGATIVE NUMBERS.
R  INDICATES RECORD WAS SET OR TIED.
MM INDICATES DATA IS MISSING.
T  INDICATES TRACE AMOUNT.




$$
