000
CDUS43 KMKX 162200
CLIMSN


CLIMATE REPORT
NATIONAL WEATHER SERVICE IN MILWAUKEE
500 PM CDT THU APR 16 2015


...................................

...THE MADISON WI CLIMATE SUMMARY FOR APRIL 16 2015...
VALID TODAY AS OF 0500 PM LOCAL TIME.

CLIMATE NORMAL PERIOD 1981 TO 2010
CLIMATE RECORD PERIOD 1871 TO 2015


WEATHER ITEM   OBSERVED TIME   RECORD YEAR NORMAL DEPARTURE LAST
                VALUE   (LST)  VALUE       VALUE  FROM      YEAR
                                                  NORMAL
..................................................................
TEMPERATURE (F)
 TODAY
  MAXIMUM         71    246 PM  86    2002  58     13       52
  MINIMUM         36    438 AM  12    1875  36      0       27
  AVERAGE         54                        47      7       40

PRECIPITATION (IN)
  TODAY            0.00          1.10 1880   0.12  -0.12     0.00
  MONTH TO DATE    3.42                      1.78   1.64     3.35
  SINCE MAR 1      4.18                      3.98   0.20     4.61
  SINCE JAN 1      5.38                      6.66  -1.28     6.50

SNOWFALL (IN)
  TODAY            0.0          10.2  1921   0.0    0.0      0.0
  MONTH TO DATE    0.0                       1.8   -1.8      1.0
  SINCE MAR 1      4.2                       8.8   -4.6      9.2
  SINCE JUL 1     33.7                      49.9  -16.2     59.2
  SNOW DEPTH       0

DEGREE DAYS
 HEATING
  TODAY           11                        18     -7       25
  MONTH TO DATE  255                       341    -86      354
  SINCE MAR 1   1190                      1304   -114     1502
  SINCE JUL 1   6901                      6790    111     7614

 COOLING
  TODAY            0                         0      0        0
  MONTH TO DATE    0                         0      0        0
  SINCE MAR 1      0                         0      0        0
  SINCE JAN 1      0                         0      0        0
..................................................................


WIND (MPH)
  HIGHEST WIND SPEED     9   HIGHEST WIND DIRECTION     S (170)
  HIGHEST GUST SPEED    12   HIGHEST GUST DIRECTION     S (170)
  AVERAGE WIND SPEED     3.4


SKY COVER
  POSSIBLE SUNSHINE  MM
  AVERAGE SKY COVER 0.3


WEATHER CONDITIONS
 THE FOLLOWING WEATHER WAS RECORDED TODAY.
  NO SIGNIFICANT WEATHER WAS OBSERVED.


RELATIVE HUMIDITY (PERCENT)
 HIGHEST    70           300 AM
 LOWEST     25           300 PM
 AVERAGE    48

..........................................................


THE MADISON WI CLIMATE NORMALS FOR TOMORROW
                         NORMAL    RECORD    YEAR
 MAXIMUM TEMPERATURE (F)   58        86      1977
 MINIMUM TEMPERATURE (F)   36        11      1875


SUNRISE AND SUNSET
APRIL 16 2015.........SUNRISE   614 AM CDT   SUNSET   741 PM CDT
APRIL 17 2015.........SUNRISE   613 AM CDT   SUNSET   742 PM CDT


-  INDICATES NEGATIVE NUMBERS.
R  INDICATES RECORD WAS SET OR TIED.
MM INDICATES DATA IS MISSING.
T  INDICATES TRACE AMOUNT.




$$
