000
CDUS43 KMKX 132048
CLIMSN


CLIMATE REPORT
NATIONAL WEATHER SERVICE IN MILWAUKEE
348 PM CDT MON APR 13 2015


...................................

...THE MADISON WI CLIMATE SUMMARY FOR APRIL 13 2015...
VALID TODAY AS OF 0300 PM LOCAL TIME.

CLIMATE NORMAL PERIOD 1981 TO 2010
CLIMATE RECORD PERIOD 1871 TO 2015


WEATHER ITEM   OBSERVED TIME   RECORD YEAR NORMAL DEPARTURE LAST
                VALUE   (LST)  VALUE       VALUE  FROM      YEAR
                                                  NORMAL
..................................................................
TEMPERATURE (F)
 TODAY
  MAXIMUM         66   1215 PM  78    1938  56     10       53
                                      1931
                                      1870
  MINIMUM         52    523 AM  15    1997  35     17       42
  AVERAGE         59                        46     13       48

PRECIPITATION (IN)
  TODAY            0.11          2.63 2014   0.12  -0.01     2.63
  MONTH TO DATE    3.42                      1.43   1.99     2.97
  SINCE MAR 1      4.18                      3.63   0.55     4.23
  SINCE JAN 1      5.38                      6.31  -0.93     6.12

SNOWFALL (IN)
  TODAY            0.0           3.2  1933   0.1   -0.1      0.0
  MONTH TO DATE    0.0                       1.6   -1.6       T
  SINCE MAR 1      4.2                       8.6   -4.4      8.2
  SINCE JUL 1     33.7                      49.7  -16.0     58.2
  SNOW DEPTH       0

DEGREE DAYS
 HEATING
  TODAY            6                        19    -13       17
  MONTH TO DATE  211                       285    -74      261
  SINCE MAR 1   1146                      1248   -102     1409
  SINCE JUL 1   6857                      6734    123     7521

 COOLING
  TODAY            0                         0      0        0
  MONTH TO DATE    0                         0      0        0
  SINCE MAR 1      0                         0      0        0
  SINCE JAN 1      0                         0      0        0
..................................................................


WIND (MPH)
  HIGHEST WIND SPEED    24   HIGHEST WIND DIRECTION    NW (300)
  HIGHEST GUST SPEED    38   HIGHEST GUST DIRECTION    NW (300)
  AVERAGE WIND SPEED    12.0


SKY COVER
  POSSIBLE SUNSHINE  MM
  AVERAGE SKY COVER 0.9


WEATHER CONDITIONS
 THE FOLLOWING WEATHER WAS RECORDED TODAY.
  LIGHT RAIN
  FOG


RELATIVE HUMIDITY (PERCENT)
 HIGHEST    89           400 AM
 LOWEST     18           100 PM
 AVERAGE    54

..........................................................


THE MADISON WI CLIMATE NORMALS FOR TOMORROW
                         NORMAL    RECORD    YEAR
 MAXIMUM TEMPERATURE (F)   57        84      2006
                                             2003
 MINIMUM TEMPERATURE (F)   35        22      1957
                                             1950
                                             1928


SUNRISE AND SUNSET
APRIL 13 2015.........SUNRISE   619 AM CDT   SUNSET   737 PM CDT
APRIL 14 2015.........SUNRISE   617 AM CDT   SUNSET   739 PM CDT


-  INDICATES NEGATIVE NUMBERS.
R  INDICATES RECORD WAS SET OR TIED.
MM INDICATES DATA IS MISSING.
T  INDICATES TRACE AMOUNT.




$$
