000
CDUS43 KMKX 260653
CLIMSN


CLIMATE REPORT
NATIONAL WEATHER SERVICE IN MILWAUKEE
152 AM CDT SUN APR 26 2015


...................................

...THE MADISON WI CLIMATE SUMMARY FOR APRIL 25 2015...

CLIMATE NORMAL PERIOD 1981 TO 2010
CLIMATE RECORD PERIOD 1871 TO 2015


WEATHER ITEM   OBSERVED TIME   RECORD YEAR NORMAL DEPARTURE LAST
                VALUE   (LST)  VALUE       VALUE  FROM      YEAR
                                                  NORMAL
..................................................................
TEMPERATURE (F)
 YESTERDAY
  MAXIMUM         51    536 PM  85    1990  61    -10       68
  MINIMUM         35   1159 PM  21    1972  39     -4       42
  AVERAGE         43                        50     -7       55

PRECIPITATION (IN)
  YESTERDAY        0.00          1.94 2009   0.12  -0.12     0.02
  MONTH TO DATE    4.38                      2.82   1.56     3.96
  SINCE MAR 1      5.14                      5.02   0.12     5.22
  SINCE JAN 1      6.34                      7.70  -1.36     7.11

SNOWFALL (IN)
  YESTERDAY        0.0           0.3  1910   0.0    0.0      0.0
  MONTH TO DATE    T                         2.4   -2.4      1.0
  SINCE MAR 1      4.2                       9.4   -5.2      9.2
  SINCE JUL 1     33.7                      50.5  -16.8     59.2
  SNOW DEPTH       0

DEGREE DAYS
 HEATING
  YESTERDAY       22                        15      7       10
  MONTH TO DATE  415                       489    -74      485
  SINCE MAR 1   1350                      1452   -102     1633
  SINCE JUL 1   7061                      6938    123     7745

 COOLING
  YESTERDAY        0                         0      0        0
  MONTH TO DATE    0                         0      0        0
  SINCE MAR 1      0                         0      0        0
  SINCE JAN 1      0                         0      0        0
..................................................................


WIND (MPH)
  HIGHEST WIND SPEED    24   HIGHEST WIND DIRECTION     E (100)
  HIGHEST GUST SPEED    MM   HIGHEST GUST DIRECTION    SE (130)
  AVERAGE WIND SPEED    13.2


SKY COVER
  POSSIBLE SUNSHINE  MM
  AVERAGE SKY COVER 0.9


WEATHER CONDITIONS
 THE FOLLOWING WEATHER WAS RECORDED YESTERDAY.
  NO SIGNIFICANT WEATHER WAS OBSERVED.


RELATIVE HUMIDITY (PERCENT)
 HIGHEST    79          1200 AM
 LOWEST     39           600 PM
 AVERAGE    59

..........................................................


THE MADISON WI CLIMATE NORMALS FOR TODAY
                         NORMAL    RECORD    YEAR
 MAXIMUM TEMPERATURE (F)   62        84      1990
                                             1962
 MINIMUM TEMPERATURE (F)   40        25      1980


SUNRISE AND SUNSET
APRIL 26 2015.........SUNRISE   558 AM CDT   SUNSET   753 PM CDT
APRIL 27 2015.........SUNRISE   557 AM CDT   SUNSET   754 PM CDT


-  INDICATES NEGATIVE NUMBERS.
R  INDICATES RECORD WAS SET OR TIED.
MM INDICATES DATA IS MISSING.
T  INDICATES TRACE AMOUNT.




$$
