000
CDUS43 KMKX 150643
CLIMSN


CLIMATE REPORT
NATIONAL WEATHER SERVICE IN MILWAUKEE
142 AM CDT WED APR 15 2015


...................................

...THE MADISON WI CLIMATE SUMMARY FOR APRIL 14 2015...

CLIMATE NORMAL PERIOD 1981 TO 2010
CLIMATE RECORD PERIOD 1871 TO 2015


WEATHER ITEM   OBSERVED TIME   RECORD YEAR NORMAL DEPARTURE LAST
                VALUE   (LST)  VALUE       VALUE  FROM      YEAR
                                                  NORMAL
..................................................................
TEMPERATURE (F)
 YESTERDAY
  MAXIMUM         69    311 PM  84    2006  57     12       42
                                      2003
  MINIMUM         33    531 AM  22    1957  35     -2       26
                                      1950
                                      1928
  AVERAGE         51                        46      5       34

PRECIPITATION (IN)
  YESTERDAY        0.00          0.97 1974   0.12  -0.12     0.38
  MONTH TO DATE    3.42                      1.55   1.87     3.35
  SINCE MAR 1      4.18                      3.75   0.43     4.61
  SINCE JAN 1      5.38                      6.43  -1.05     6.50

SNOWFALL (IN)
  YESTERDAY        0.0           4.0  1980   0.1   -0.1      1.0
  MONTH TO DATE    0.0                       1.7   -1.7      1.0
  SINCE MAR 1      4.2                       8.7   -4.5      9.2
  SINCE JUL 1     33.7                      49.8  -16.1     59.2
  SNOW DEPTH       0

DEGREE DAYS
 HEATING
  YESTERDAY       14                        19     -5       31
  MONTH TO DATE  231                       304    -73      292
  SINCE MAR 1   1166                      1267   -101     1440
  SINCE JUL 1   6877                      6753    124     7552

 COOLING
  YESTERDAY        0                         0      0        0
  MONTH TO DATE    0                         0      0        0
  SINCE MAR 1      0                         0      0        0
  SINCE JAN 1      0                         0      0        0
..................................................................


WIND (MPH)
  HIGHEST WIND SPEED    14   HIGHEST WIND DIRECTION     N (10)
  HIGHEST GUST SPEED    17   HIGHEST GUST DIRECTION    NW (330)
  AVERAGE WIND SPEED     2.5


SKY COVER
  POSSIBLE SUNSHINE  MM
  AVERAGE SKY COVER 0.5


WEATHER CONDITIONS
 THE FOLLOWING WEATHER WAS RECORDED YESTERDAY.
  NO SIGNIFICANT WEATHER WAS OBSERVED.


RELATIVE HUMIDITY (PERCENT)
 HIGHEST    82           600 AM
 LOWEST     13           400 PM
 AVERAGE    48

..........................................................


THE MADISON WI CLIMATE NORMALS FOR TODAY
                         NORMAL    RECORD    YEAR
 MAXIMUM TEMPERATURE (F)   57        87      2002
 MINIMUM TEMPERATURE (F)   36        18      2014
                                             1928


SUNRISE AND SUNSET
APRIL 15 2015.........SUNRISE   616 AM CDT   SUNSET   740 PM CDT
APRIL 16 2015.........SUNRISE   614 AM CDT   SUNSET   741 PM CDT


-  INDICATES NEGATIVE NUMBERS.
R  INDICATES RECORD WAS SET OR TIED.
MM INDICATES DATA IS MISSING.
T  INDICATES TRACE AMOUNT.




$$
