000
CDUS43 KMPX 232141
CLIEAU


CLIMATE REPORT
NATIONAL WEATHER SERVICE CHANHASSEN MN
439 PM CDT THU APR 23 2015


...................................

...THE EAU CLAIRE WI CLIMATE SUMMARY FOR APRIL 23 2015...
VALID AS OF 0400 PM LOCAL TIME.

CLIMATE NORMAL PERIOD 1981 TO 2010
CLIMATE RECORD PERIOD 1893 TO 2015


WEATHER ITEM   OBSERVED TIME   RECORD YEAR NORMAL DEPARTURE LAST
                VALUE   (LST)  VALUE       VALUE  FROM      YEAR
                                                  NORMAL
..................................................................
TEMPERATURE (F)
 TODAY
  MAXIMUM         53    258 PM  86    1960  62     -9       53
  MINIMUM         27    534 AM  18    1893  37    -10       29
  AVERAGE         40                        50    -10       41

PRECIPITATION (IN)
  TODAY            0.00          1.21 1990   0.10  -0.10     0.22
  MONTH TO DATE    2.76                      2.00   0.76     2.89
  SINCE MAR 1      3.47                      3.73  -0.26     3.62
  SINCE JAN 1      4.06                      5.43  -1.37     6.82

SNOWFALL (IN)
  TODAY            0.0           2.0  1893   0.0    0.0      0.0
  MONTH TO DATE    1.4                       1.7   -0.3      9.1
  SINCE MAR 1      7.3                      10.3   -3.0     13.1
  SINCE JUL 1     38.1                      46.6   -8.5     74.8
  SNOW DEPTH       0

DEGREE DAYS
 HEATING
  TODAY           25                        16      9       24
  MONTH TO DATE  414                       478    -64      551
  SINCE MAR 1   1404                      1522   -118     1835
  SINCE JUL 1   7757                      7543    214     8727

 COOLING
  TODAY            0                         0      0        0
  MONTH TO DATE    0                         0      0        0
  SINCE MAR 1      0                         0      0        0
  SINCE JAN 1      0                         0      0        0
..................................................................


WIND (MPH)
  HIGHEST WIND SPEED    18   HIGHEST WIND DIRECTION     W (280)
  HIGHEST GUST SPEED    29   HIGHEST GUST DIRECTION     W (290)
  AVERAGE WIND SPEED     7.9


SKY COVER
  POSSIBLE SUNSHINE  MM
  AVERAGE SKY COVER 0.0


WEATHER CONDITIONS
 THE FOLLOWING WEATHER WAS RECORDED TODAY.
  NO SIGNIFICANT WEATHER WAS OBSERVED.


RELATIVE HUMIDITY (PERCENT)
 HIGHEST    53           400 AM
 LOWEST     19           300 PM
 AVERAGE    36

..........................................................


THE EAU CLAIRE WI CLIMATE NORMALS FOR TOMORROW
                         NORMAL    RECORD    YEAR
 MAXIMUM TEMPERATURE (F)   62        88      2009
 MINIMUM TEMPERATURE (F)   38        15      1956


SUNRISE AND SUNSET
APRIL 23 2015.........SUNRISE   608 AM CDT   SUNSET   801 PM CDT
APRIL 24 2015.........SUNRISE   607 AM CDT   SUNSET   802 PM CDT


-  INDICATES NEGATIVE NUMBERS.
R  INDICATES RECORD WAS SET OR TIED.
MM INDICATES DATA IS MISSING.
T  INDICATES TRACE AMOUNT.




$$
