000
CDUS43 KMPX 012139
CLIEAU


CLIMATE REPORT
NATIONAL WEATHER SERVICE CHANHASSEN MN
439 PM CDT FRI MAY 1 2015


...................................

...THE EAU CLAIRE WI CLIMATE SUMMARY FOR MAY 1 2015...
VALID AS OF 0400 PM LOCAL TIME.

CLIMATE NORMAL PERIOD 1981 TO 2010
CLIMATE RECORD PERIOD 1893 TO 2015


WEATHER ITEM   OBSERVED TIME   RECORD YEAR NORMAL DEPARTURE LAST
                VALUE   (LST)  VALUE       VALUE  FROM      YEAR
                                                  NORMAL
..................................................................
TEMPERATURE (F)
 TODAY
  MAXIMUM         70   1144 AM  91    1901  65      5       48
  MINIMUM         35    532 AM  24    1966  41     -6       40
                                      1897
  AVERAGE         53                        53      0       44

PRECIPITATION (IN)
  TODAY            0.00          2.61 1973   0.11  -0.11     0.13
  MONTH TO DATE    0.00                      0.11  -0.11     0.13
  SINCE MAR 1      3.47                      4.59  -1.12     6.95
  SINCE JAN 1      4.06                      6.29  -2.23    10.15

SNOWFALL (IN)
  TODAY            0.0           1.8  1909   0.0    0.0      0.0
  MONTH TO DATE    0.0                       0.0    0.0      0.0
  SINCE MAR 1      7.3                      10.5   -3.2     13.1
  SINCE JUL 1     38.1                      46.8   -8.7     74.8
  SNOW DEPTH       0

DEGREE DAYS
 HEATING
  TODAY           12                        12      0       21
  MONTH TO DATE   12                        12      0       21
  SINCE MAR 1   1523                      1632   -109     2015
  SINCE JUL 1   7876                      7653    223     8907

 COOLING
  TODAY            0                         0      0        0
  MONTH TO DATE    0                         0      0        0
  SINCE MAR 1      0                         4     -4        0
  SINCE JAN 1      0                         4     -4        0
..................................................................


WIND (MPH)
  HIGHEST WIND SPEED    20   HIGHEST WIND DIRECTION    SW (230)
  HIGHEST GUST SPEED    25   HIGHEST GUST DIRECTION    SW (220)
  AVERAGE WIND SPEED     5.5


SKY COVER
  POSSIBLE SUNSHINE  MM
  AVERAGE SKY COVER 0.1


WEATHER CONDITIONS
 THE FOLLOWING WEATHER WAS RECORDED TODAY.
  NO SIGNIFICANT WEATHER WAS OBSERVED.


RELATIVE HUMIDITY (PERCENT)
 HIGHEST    92           500 AM
 LOWEST     27          1200 PM
 AVERAGE    60

..........................................................


THE EAU CLAIRE WI CLIMATE NORMALS FOR TOMORROW
                         NORMAL    RECORD    YEAR
 MAXIMUM TEMPERATURE (F)   66        91      1959
 MINIMUM TEMPERATURE (F)   41        25      1961


SUNRISE AND SUNSET
MAY  1 2015...........SUNRISE   556 AM CDT   SUNSET   811 PM CDT
MAY  2 2015...........SUNRISE   554 AM CDT   SUNSET   812 PM CDT


-  INDICATES NEGATIVE NUMBERS.
R  INDICATES RECORD WAS SET OR TIED.
MM INDICATES DATA IS MISSING.
T  INDICATES TRACE AMOUNT.




$$
