000
CDUS43 KMPX 070057
CLIEAU


CLIMATE REPORT
NATIONAL WEATHER SERVICE CHANHASSEN MN
756 PM CDT WED MAY 6 2015


...................................

...THE EAU CLAIRE WI CLIMATE SUMMARY FOR MAY 6 2015...
VALID TODAY AS OF 0700 PM LOCAL TIME.

CLIMATE NORMAL PERIOD 1981 TO 2010
CLIMATE RECORD PERIOD 1893 TO 2015


WEATHER ITEM   OBSERVED TIME   RECORD YEAR NORMAL DEPARTURE LAST
                VALUE   (LST)  VALUE       VALUE  FROM      YEAR
                                                  NORMAL
..................................................................
TEMPERATURE (F)
 TODAY
  MAXIMUM         78    442 PM  92    1934  67     11       66
  MINIMUM         51   1225 AM  22    1954  42      9       41
                                      1989
  AVERAGE         65                        55     10       54

PRECIPITATION (IN)
  TODAY            0.05          1.20 1932   0.11  -0.06     0.00
  MONTH TO DATE    1.12                      0.65   0.47     0.13
  SINCE MAR 1      4.59                      5.13  -0.54     6.95
  SINCE JAN 1      5.18                      6.83  -1.65    10.15

SNOWFALL (IN)
  TODAY            0.0           0.0    MM   0.0    0.0      0.0
  MONTH TO DATE    0.0                       0.1   -0.1      0.0
  SINCE MAR 1      7.3                      10.6   -3.3     13.1
  SINCE JUL 1     38.1                      46.9   -8.8     74.8
  SNOW DEPTH       0

DEGREE DAYS
 HEATING
  TODAY            0                        11    -11       11
  MONTH TO DATE   29                        69    -40       93
  SINCE MAR 1   1540                      1689   -149     2087
  SINCE JUL 1   7893                      7710    183     8979

 COOLING
  TODAY            0                         0      0        0
  MONTH TO DATE    3                         0      3        0
  SINCE MAR 1      3                         4     -1        0
  SINCE JAN 1      3                         4     -1        0
..................................................................


WIND (MPH)
  HIGHEST WIND SPEED    22   HIGHEST WIND DIRECTION    SE (150)
  HIGHEST GUST SPEED    26   HIGHEST GUST DIRECTION    SE (150)
  AVERAGE WIND SPEED     9.8


SKY COVER
  POSSIBLE SUNSHINE  MM
  AVERAGE SKY COVER 0.6


WEATHER CONDITIONS
 THE FOLLOWING WEATHER WAS RECORDED TODAY.
  LIGHT RAIN
  FOG


RELATIVE HUMIDITY (PERCENT)
 HIGHEST    93           800 AM
 LOWEST     50           500 PM
 AVERAGE    72

..........................................................


THE EAU CLAIRE WI CLIMATE NORMALS FOR TOMORROW
                         NORMAL    RECORD    YEAR
 MAXIMUM TEMPERATURE (F)   67        91      1934
 MINIMUM TEMPERATURE (F)   43        28      1929


SUNRISE AND SUNSET
MAY  6 2015...........SUNRISE   549 AM CDT   SUNSET   817 PM CDT
MAY  7 2015...........SUNRISE   547 AM CDT   SUNSET   818 PM CDT


-  INDICATES NEGATIVE NUMBERS.
R  INDICATES RECORD WAS SET OR TIED.
MM INDICATES DATA IS MISSING.
T  INDICATES TRACE AMOUNT.




$$
