000
CDUS43 KMPX 300709
CLIEAU


CLIMATE REPORT
NATIONAL WEATHER SERVICE CHANHASSEN MN
209 AM CDT THU APR 30 2015


...................................

...THE EAU CLAIRE WI CLIMATE SUMMARY FOR APRIL 29 2015...

CLIMATE NORMAL PERIOD 1981 TO 2010
CLIMATE RECORD PERIOD 1893 TO 2015


WEATHER ITEM   OBSERVED TIME   RECORD YEAR NORMAL DEPARTURE LAST
                VALUE   (LST)  VALUE       VALUE  FROM      YEAR
                                                  NORMAL
..................................................................
TEMPERATURE (F)
 YESTERDAY
  MAXIMUM         68    334 PM  90    1970  65      3       41
  MINIMUM         44    207 AM  17    1956  40      4       36
  AVERAGE         56                        52      4       39

PRECIPITATION (IN)
  YESTERDAY        0.00          2.12 1942   0.11  -0.11     0.86
  MONTH TO DATE    2.76                      2.64   0.12     5.80
  SINCE MAR 1      3.47                      4.37  -0.90     6.53
  SINCE JAN 1      4.06                      6.07  -2.01     9.73

SNOWFALL (IN)
  YESTERDAY        0.0           4.3  1956   0.0    0.0       T
  MONTH TO DATE    1.4                       1.9   -0.5      9.1
  SINCE MAR 1      7.3                      10.5   -3.2     13.1
  SINCE JUL 1     38.1                      46.8   -8.7     74.8
  SNOW DEPTH       0

DEGREE DAYS
 HEATING
  YESTERDAY        9                        13     -4       26
  MONTH TO DATE  507                       563    -56      685
  SINCE MAR 1   1497                      1607   -110     1969
  SINCE JUL 1   7850                      7628    222     8861

 COOLING
  YESTERDAY        0                         0      0        0
  MONTH TO DATE    0                         0      0        0
  SINCE MAR 1      0                         0      0        0
  SINCE JAN 1      0                         0      0        0
..................................................................


WIND (MPH)
  HIGHEST WIND SPEED    18   HIGHEST WIND DIRECTION     N (350)
  HIGHEST GUST SPEED    25   HIGHEST GUST DIRECTION     N (360)
  AVERAGE WIND SPEED     9.3


SKY COVER
  POSSIBLE SUNSHINE  MM
  AVERAGE SKY COVER 0.1


WEATHER CONDITIONS
 THE FOLLOWING WEATHER WAS RECORDED YESTERDAY.
  NO SIGNIFICANT WEATHER WAS OBSERVED.


RELATIVE HUMIDITY (PERCENT)
 HIGHEST    76           200 AM
 LOWEST     19           500 PM
 AVERAGE    48

..........................................................


THE EAU CLAIRE WI CLIMATE NORMALS FOR TODAY
                         NORMAL    RECORD    YEAR
 MAXIMUM TEMPERATURE (F)   65        89      1952
 MINIMUM TEMPERATURE (F)   40         9      1956


SUNRISE AND SUNSET
APRIL 30 2015.........SUNRISE   557 AM CDT   SUNSET   810 PM CDT
MAY  1 2015...........SUNRISE   556 AM CDT   SUNSET   811 PM CDT


-  INDICATES NEGATIVE NUMBERS.
R  INDICATES RECORD WAS SET OR TIED.
MM INDICATES DATA IS MISSING.
T  INDICATES TRACE AMOUNT.




$$
