000
CDUS43 KMPX 272130
CLIEAU


CLIMATE REPORT
NATIONAL WEATHER SERVICE CHANHASSEN MN
430 PM CDT MON APR 27 2015


...................................

...THE EAU CLAIRE WI CLIMATE SUMMARY FOR APRIL 27 2015...
VALID AS OF 0400 PM LOCAL TIME.

CLIMATE NORMAL PERIOD 1981 TO 2010
CLIMATE RECORD PERIOD 1893 TO 2015


WEATHER ITEM   OBSERVED TIME   RECORD YEAR NORMAL DEPARTURE LAST
                VALUE   (LST)  VALUE       VALUE  FROM      YEAR
                                                  NORMAL
..................................................................
TEMPERATURE (F)
 TODAY
  MAXIMUM         69    239 PM  87    1970  64      5       43
  MINIMUM         30    325 AM  23    1996  39     -9       37
  AVERAGE         50                        51     -1       40

PRECIPITATION (IN)
  TODAY            0.00          3.07 1975   0.10  -0.10     0.57
  MONTH TO DATE    2.76                      2.42   0.34     4.37
  SINCE MAR 1      3.47                      4.15  -0.68     5.10
  SINCE JAN 1      4.06                      5.85  -1.79     8.30

SNOWFALL (IN)
  TODAY            0.0           5.0  1908   0.0    0.0      0.0
  MONTH TO DATE    1.4                       1.8   -0.4      9.1
  SINCE MAR 1      7.3                      10.4   -3.1     13.1
  SINCE JUL 1     38.1                      46.7   -8.6     74.8
  SNOW DEPTH       0

DEGREE DAYS
 HEATING
  TODAY           15                        14      1       25
  MONTH TO DATE  485                       536    -51      637
  SINCE MAR 1   1475                      1580   -105     1921
  SINCE JUL 1   7828                      7601    227     8813

 COOLING
  TODAY            0                         0      0        0
  MONTH TO DATE    0                         0      0        0
  SINCE MAR 1      0                         0      0        0
  SINCE JAN 1      0                         0      0        0
..................................................................


WIND (MPH)
  HIGHEST WIND SPEED    16   HIGHEST WIND DIRECTION     N (350)
  HIGHEST GUST SPEED    23   HIGHEST GUST DIRECTION    NW (300)
  AVERAGE WIND SPEED     6.2


SKY COVER
  POSSIBLE SUNSHINE  MM
  AVERAGE SKY COVER 0.0


WEATHER CONDITIONS
 THE FOLLOWING WEATHER WAS RECORDED TODAY.
  NO SIGNIFICANT WEATHER WAS OBSERVED.


RELATIVE HUMIDITY (PERCENT)
 HIGHEST    75           600 AM
 LOWEST     22           200 PM
 AVERAGE    49

..........................................................


THE EAU CLAIRE WI CLIMATE NORMALS FOR TOMORROW
                         NORMAL    RECORD    YEAR
 MAXIMUM TEMPERATURE (F)   64        87      1952
 MINIMUM TEMPERATURE (F)   39        22      1965


SUNRISE AND SUNSET
APRIL 27 2015.........SUNRISE   602 AM CDT   SUNSET   806 PM CDT
APRIL 28 2015.........SUNRISE   600 AM CDT   SUNSET   807 PM CDT


-  INDICATES NEGATIVE NUMBERS.
R  INDICATES RECORD WAS SET OR TIED.
MM INDICATES DATA IS MISSING.
T  INDICATES TRACE AMOUNT.




$$
