000
CDUS43 KMPX 210832
CLIEAU


CLIMATE REPORT
NATIONAL WEATHER SERVICE CHANHASSEN MN
332 AM CDT TUE APR 21 2015


...................................

...THE EAU CLAIRE WI CLIMATE SUMMARY FOR APRIL 20 2015...

CLIMATE NORMAL PERIOD 1981 TO 2010
CLIMATE RECORD PERIOD 1893 TO 2015


WEATHER ITEM   OBSERVED TIME   RECORD YEAR NORMAL DEPARTURE LAST
                VALUE   (LST)  VALUE       VALUE  FROM      YEAR
                                                  NORMAL
..................................................................
TEMPERATURE (F)
 YESTERDAY
  MAXIMUM         46   1244 AM  88    1987  60    -14       69
  MINIMUM         36   1159 PM  19    1897  36      0       51
  AVERAGE         41                        48     -7       60

PRECIPITATION (IN)
  YESTERDAY        0.37          1.41 1968   0.09   0.28     0.03
  MONTH TO DATE    2.75                      1.71   1.04     2.67
  SINCE MAR 1      3.46                      3.44   0.02     3.40
  SINCE JAN 1      4.05                      5.14  -1.09     6.60

SNOWFALL (IN)
  YESTERDAY        T             6.0  1893   0.1   -0.1      0.0
  MONTH TO DATE    1.4                       1.6   -0.2      9.1
  SINCE MAR 1      7.3                      10.2   -2.9     13.1
  SINCE JUL 1     38.1                      46.5   -8.4     74.8
  SNOW DEPTH       0

DEGREE DAYS
 HEATING
  YESTERDAY       24                        17      7        5
  MONTH TO DATE  335                       430    -95      499
  SINCE MAR 1   1325                      1474   -149     1783
  SINCE JUL 1   7678                      7495    183     8675

 COOLING
  YESTERDAY        0                         0      0        0
  MONTH TO DATE    0                         0      0        0
  SINCE MAR 1      0                         0      0        0
  SINCE JAN 1      0                         0      0        0
..................................................................


WIND (MPH)
  HIGHEST WIND SPEED    26   HIGHEST WIND DIRECTION     W (290)
  HIGHEST GUST SPEED    36   HIGHEST GUST DIRECTION    NW (330)
  AVERAGE WIND SPEED    15.2


SKY COVER
  POSSIBLE SUNSHINE  MM
  AVERAGE SKY COVER 1.0


WEATHER CONDITIONS
 THE FOLLOWING WEATHER WAS RECORDED YESTERDAY.
  RAIN
  LIGHT RAIN
  FOG


RELATIVE HUMIDITY (PERCENT)
 HIGHEST    92           100 AM
 LOWEST     51           500 PM
 AVERAGE    72

..........................................................


THE EAU CLAIRE WI CLIMATE NORMALS FOR TODAY
                         NORMAL    RECORD    YEAR
 MAXIMUM TEMPERATURE (F)   61        90      1980
 MINIMUM TEMPERATURE (F)   37        20      1978


SUNRISE AND SUNSET
APRIL 21 2015.........SUNRISE   612 AM CDT   SUNSET   758 PM CDT
APRIL 22 2015.........SUNRISE   610 AM CDT   SUNSET   800 PM CDT


-  INDICATES NEGATIVE NUMBERS.
R  INDICATES RECORD WAS SET OR TIED.
MM INDICATES DATA IS MISSING.
T  INDICATES TRACE AMOUNT.




$$
