000
CDUS43 KMPX 142153
CLIEAU


CLIMATE REPORT
NATIONAL WEATHER SERVICE CHANHASSEN MN
452 PM CDT TUE APR 14 2015


...................................

...THE EAU CLAIRE WI CLIMATE SUMMARY FOR APRIL 14 2015...
VALID AS OF 0400 PM LOCAL TIME.

CLIMATE NORMAL PERIOD 1981 TO 2010
CLIMATE RECORD PERIOD 1893 TO 2015


WEATHER ITEM   OBSERVED TIME   RECORD YEAR NORMAL DEPARTURE LAST
                VALUE   (LST)  VALUE       VALUE  FROM      YEAR
                                                  NORMAL
..................................................................
TEMPERATURE (F)
 TODAY
  MAXIMUM         68    259 PM  90    2003  57     11       36
  MINIMUM         29    358 AM  16    1907  34     -5       23
  AVERAGE         49                        45      4       30

PRECIPITATION (IN)
  TODAY            0.00          2.20 1911   0.09  -0.09     0.01
  MONTH TO DATE    1.88                      1.16   0.72     2.41
  SINCE MAR 1      2.59                      2.89  -0.30     3.14
  SINCE JAN 1      3.18                      4.59  -1.41     6.34

SNOWFALL (IN)
  TODAY            0.0           6.0  1928   0.1   -0.1      0.2
  MONTH TO DATE    1.4                       1.3    0.1      9.1
  SINCE MAR 1      7.3                       9.9   -2.6     13.1
  SINCE JUL 1     38.1                      46.2   -8.1     74.8
  SNOW DEPTH       0

DEGREE DAYS
 HEATING
  TODAY           16                        20     -4       35
  MONTH TO DATE  264                       322    -58      359
  SINCE MAR 1   1254                      1366   -112     1643
  SINCE JUL 1   7607                      7387    220     8535

 COOLING
  TODAY            0                         0      0        0
  MONTH TO DATE    0                         0      0        0
  SINCE MAR 1      0                         0      0        0
  SINCE JAN 1      0                         0      0        0
..................................................................


WIND (MPH)
  HIGHEST WIND SPEED    13   HIGHEST WIND DIRECTION     W (260)
  HIGHEST GUST SPEED    17   HIGHEST GUST DIRECTION     W (250)
  AVERAGE WIND SPEED     2.9


SKY COVER
  POSSIBLE SUNSHINE  MM
  AVERAGE SKY COVER 0.0


WEATHER CONDITIONS
 THE FOLLOWING WEATHER WAS RECORDED TODAY.
  NO SIGNIFICANT WEATHER WAS OBSERVED.


RELATIVE HUMIDITY (PERCENT)
 HIGHEST    85           400 AM
 LOWEST     14           200 PM
 AVERAGE    50

..........................................................


THE EAU CLAIRE WI CLIMATE NORMALS FOR TOMORROW
                         NORMAL    RECORD    YEAR
 MAXIMUM TEMPERATURE (F)   58        91      2002
 MINIMUM TEMPERATURE (F)   34        10      1928


SUNRISE AND SUNSET
APRIL 14 2015.........SUNRISE   624 AM CDT   SUNSET   750 PM CDT
APRIL 15 2015.........SUNRISE   622 AM CDT   SUNSET   751 PM CDT


-  INDICATES NEGATIVE NUMBERS.
R  INDICATES RECORD WAS SET OR TIED.
MM INDICATES DATA IS MISSING.
T  INDICATES TRACE AMOUNT.




$$
