000
CDUS43 KMPX 122126
CLIEAU


CLIMATE REPORT
NATIONAL WEATHER SERVICE CHANHASSEN MN
426 PM CDT SUN APR 12 2015


...................................

...THE EAU CLAIRE WI CLIMATE SUMMARY FOR APRIL 12 2015...
VALID AS OF 0400 PM LOCAL TIME.

CLIMATE NORMAL PERIOD 1981 TO 2010
CLIMATE RECORD PERIOD 1893 TO 2015


WEATHER ITEM   OBSERVED TIME   RECORD YEAR NORMAL DEPARTURE LAST
                VALUE   (LST)  VALUE       VALUE  FROM      YEAR
                                                  NORMAL
..................................................................
TEMPERATURE (F)
 TODAY
  MAXIMUM         74    259 PM  82    1931  56     18       50
  MINIMUM         49    539 AM  15    1957  33     16       42
                                      1939
  AVERAGE         62                        44     18       46

PRECIPITATION (IN)
  TODAY            0.00          1.05 1895   0.09  -0.09     0.27
  MONTH TO DATE    1.77                      0.98   0.79     2.27
  SINCE MAR 1      2.48                      2.71  -0.23     3.00
  SINCE JAN 1      3.07                      4.41  -1.34     6.20

SNOWFALL (IN)
  TODAY            0.0           7.0  1962   0.0    0.0      0.0
  MONTH TO DATE    1.4                       1.1    0.3      7.6
  SINCE MAR 1      7.3                       9.7   -2.4     11.6
  SINCE JUL 1     38.1                      46.0   -7.9     73.3
  SNOW DEPTH       0

DEGREE DAYS
 HEATING
  TODAY            3                        21    -18       19
  MONTH TO DATE  235                       282    -47      298
  SINCE MAR 1   1225                      1326   -101     1582
  SINCE JUL 1   7578                      7347    231     8474

 COOLING
  TODAY            0                         0      0        0
  MONTH TO DATE    0                         0      0        0
  SINCE MAR 1      0                         0      0        0
  SINCE JAN 1      0                         0      0        0
..................................................................


WIND (MPH)
  HIGHEST WIND SPEED    30   HIGHEST WIND DIRECTION     S (180)
  HIGHEST GUST SPEED    38   HIGHEST GUST DIRECTION     S (170)
  AVERAGE WIND SPEED    15.8


SKY COVER
  POSSIBLE SUNSHINE  MM
  AVERAGE SKY COVER 0.2


WEATHER CONDITIONS
 THE FOLLOWING WEATHER WAS RECORDED TODAY.
  NO SIGNIFICANT WEATHER WAS OBSERVED.


RELATIVE HUMIDITY (PERCENT)
 HIGHEST    52           500 AM
 LOWEST     35           100 PM
 AVERAGE    44

..........................................................


THE EAU CLAIRE WI CLIMATE NORMALS FOR TOMORROW
                         NORMAL    RECORD    YEAR
 MAXIMUM TEMPERATURE (F)   57        80      1956
                                             1931
 MINIMUM TEMPERATURE (F)   33        12      1962


SUNRISE AND SUNSET
APRIL 12 2015.........SUNRISE   627 AM CDT   SUNSET   747 PM CDT
APRIL 13 2015.........SUNRISE   625 AM CDT   SUNSET   748 PM CDT


-  INDICATES NEGATIVE NUMBERS.
R  INDICATES RECORD WAS SET OR TIED.
MM INDICATES DATA IS MISSING.
T  INDICATES TRACE AMOUNT.




$$
