000
CDUS43 KMPX 120625
CLIEAU


CLIMATE REPORT
NATIONAL WEATHER SERVICE CHANHASSEN MN
122 AM CDT SUN APR 12 2015


...................................

...THE EAU CLAIRE WI CLIMATE SUMMARY FOR APRIL 11 2015...

CLIMATE NORMAL PERIOD 1981 TO 2010
CLIMATE RECORD PERIOD 1893 TO 2015


WEATHER ITEM   OBSERVED TIME   RECORD YEAR NORMAL DEPARTURE LAST
                VALUE   (LST)  VALUE       VALUE  FROM      YEAR
                                                  NORMAL
..................................................................
TEMPERATURE (F)
 YESTERDAY
  MAXIMUM         66        MM  81    1977  55     11       63
  MINIMUM         30        MM   8    1952  32     -2       33
  AVERAGE         48                        44      4       48

PRECIPITATION (IN)
  YESTERDAY        0.00          1.93 2001   0.08  -0.08     0.02
  MONTH TO DATE    1.77                      0.89   0.88     2.00
  SINCE MAR 1      2.48                      2.62  -0.14     2.73
  SINCE JAN 1      3.07                      4.32  -1.25     5.93

SNOWFALL (IN)
  YESTERDAY        0.0          13.0  1929   0.1   -0.1      0.0
  MONTH TO DATE    1.4                       1.1    0.3      7.6
  SINCE MAR 1      7.3                       9.7   -2.4     11.6
  SINCE JUL 1     38.1                      46.0   -7.9     73.3
  SNOW DEPTH       0

DEGREE DAYS
 HEATING
  YESTERDAY       17                        21     -4       17
  MONTH TO DATE  232                       261    -29      279
  SINCE MAR 1   1222                      1305    -83     1563
  SINCE JUL 1   7575                      7326    249     8455

 COOLING
  YESTERDAY        0                         0      0        0
  MONTH TO DATE    0                         0      0        0
  SINCE MAR 1      0                         0      0        0
  SINCE JAN 1      0                         0      0        0
..................................................................


WIND (MPH)
  HIGHEST WIND SPEED    14   HIGHEST WIND DIRECTION     S (170)
  HIGHEST GUST SPEED    23   HIGHEST GUST DIRECTION     S (200)
  AVERAGE WIND SPEED     7.8


SKY COVER
  POSSIBLE SUNSHINE  MM
  AVERAGE SKY COVER 0.0


WEATHER CONDITIONS
 THE FOLLOWING WEATHER WAS RECORDED YESTERDAY.
  FOG


RELATIVE HUMIDITY (PERCENT)
 HIGHEST    92           500 AM
 LOWEST     29           400 PM
 AVERAGE    61

..........................................................


THE EAU CLAIRE WI CLIMATE NORMALS FOR TODAY
                         NORMAL    RECORD    YEAR
 MAXIMUM TEMPERATURE (F)   56        82      1931
 MINIMUM TEMPERATURE (F)   33        15      1957
                                             1939


SUNRISE AND SUNSET
APRIL 12 2015.........SUNRISE   627 AM CDT   SUNSET   747 PM CDT
APRIL 13 2015.........SUNRISE   625 AM CDT   SUNSET   748 PM CDT


-  INDICATES NEGATIVE NUMBERS.
R  INDICATES RECORD WAS SET OR TIED.
MM INDICATES DATA IS MISSING.
T  INDICATES TRACE AMOUNT.




$$
