000
CDUS43 KMPX 040625
CLIEAU


CLIMATE REPORT
NATIONAL WEATHER SERVICE CHANHASSEN MN
125 AM CDT MON MAY 4 2015


...................................

...THE EAU CLAIRE WI CLIMATE SUMMARY FOR MAY 3 2015...

CLIMATE NORMAL PERIOD 1981 TO 2010
CLIMATE RECORD PERIOD 1893 TO 2015


WEATHER ITEM   OBSERVED TIME   RECORD YEAR NORMAL DEPARTURE LAST
                VALUE   (LST)  VALUE       VALUE  FROM      YEAR
                                                  NORMAL
..................................................................
TEMPERATURE (F)
 YESTERDAY
  MAXIMUM         81    426 PM  93    1949  66     15       61
  MINIMUM         54   1128 PM  20    1967  41     13       39
  AVERAGE         68                        54     14       50

PRECIPITATION (IN)
  YESTERDAY        1.06          2.02 1981   0.11   0.95     0.00
  MONTH TO DATE    1.06                      0.33   0.73     0.13
  SINCE MAR 1      4.53                      4.81  -0.28     6.95
  SINCE JAN 1      5.12                      6.51  -1.39    10.15

SNOWFALL (IN)
  YESTERDAY        0.0           0.6  2013   0.1   -0.1      0.0
  MONTH TO DATE    0.0                       0.1   -0.1      0.0
  SINCE MAR 1      7.3                      10.6   -3.3     13.1
  SINCE JUL 1     38.1                      46.9   -8.8     74.8
  SNOW DEPTH       0

DEGREE DAYS
 HEATING
  YESTERDAY        0                        12    -12       15
  MONTH TO DATE   15                        36    -21       54
  SINCE MAR 1   1526                      1656   -130     2048
  SINCE JUL 1   7879                      7677    202     8940

 COOLING
  YESTERDAY        3                         0      3        0
  MONTH TO DATE    3                         0      3        0
  SINCE MAR 1      3                         4     -1        0
  SINCE JAN 1      3                         4     -1        0
..................................................................


WIND (MPH)
  HIGHEST WIND SPEED    33   HIGHEST WIND DIRECTION    NW (310)
  HIGHEST GUST SPEED    44   HIGHEST GUST DIRECTION    NW (300)
  AVERAGE WIND SPEED     6.8


SKY COVER
  POSSIBLE SUNSHINE  MM
  AVERAGE SKY COVER 0.1


WEATHER CONDITIONS
 THE FOLLOWING WEATHER WAS RECORDED YESTERDAY.
  THUNDERSTORM
  HEAVY RAIN
  RAIN
  LIGHT RAIN
  FOG


RELATIVE HUMIDITY (PERCENT)
 HIGHEST    93          1000 PM
 LOWEST     36           300 PM
 AVERAGE    65

..........................................................


THE EAU CLAIRE WI CLIMATE NORMALS FOR TODAY
                         NORMAL    RECORD    YEAR
 MAXIMUM TEMPERATURE (F)   66        91      1949
 MINIMUM TEMPERATURE (F)   42        20      1907


SUNRISE AND SUNSET
MAY  4 2015...........SUNRISE   552 AM CDT   SUNSET   815 PM CDT
MAY  5 2015...........SUNRISE   550 AM CDT   SUNSET   816 PM CDT


-  INDICATES NEGATIVE NUMBERS.
R  INDICATES RECORD WAS SET OR TIED.
MM INDICATES DATA IS MISSING.
T  INDICATES TRACE AMOUNT.




$$
