000
CDUS43 KMPX 050628
CLIEAU


CLIMATE REPORT
NATIONAL WEATHER SERVICE CHANHASSEN MN
128 AM CDT TUE MAY 5 2015


...................................

...THE EAU CLAIRE WI CLIMATE SUMMARY FOR MAY 4 2015...

CLIMATE NORMAL PERIOD 1981 TO 2010
CLIMATE RECORD PERIOD 1893 TO 2015


WEATHER ITEM   OBSERVED TIME   RECORD YEAR NORMAL DEPARTURE LAST
                VALUE   (LST)  VALUE       VALUE  FROM      YEAR
                                                  NORMAL
..................................................................
TEMPERATURE (F)
 YESTERDAY
  MAXIMUM         71    357 PM  91    1949  66      5       59
  MINIMUM         45   1027 PM  20    1907  42      3       34
  AVERAGE         58                        54      4       47

PRECIPITATION (IN)
  YESTERDAY        0.00          1.38 1902   0.11  -0.11     0.00
  MONTH TO DATE    1.06                      0.44   0.62     0.13
  SINCE MAR 1      4.53                      4.92  -0.39     6.95
  SINCE JAN 1      5.12                      6.62  -1.50    10.15

SNOWFALL (IN)
  YESTERDAY        0.0           T    1907   0.0    0.0      0.0
  MONTH TO DATE    0.0                       0.1   -0.1      0.0
  SINCE MAR 1      7.3                      10.6   -3.3     13.1
  SINCE JUL 1     38.1                      46.9   -8.8     74.8
  SNOW DEPTH       0

DEGREE DAYS
 HEATING
  YESTERDAY        7                        11     -4       18
  MONTH TO DATE   22                        47    -25       72
  SINCE MAR 1   1533                      1667   -134     2066
  SINCE JUL 1   7886                      7688    198     8958

 COOLING
  YESTERDAY        0                         0      0        0
  MONTH TO DATE    3                         0      3        0
  SINCE MAR 1      3                         4     -1        0
  SINCE JAN 1      3                         4     -1        0
..................................................................


WIND (MPH)
  HIGHEST WIND SPEED    16   HIGHEST WIND DIRECTION     N (10)
  HIGHEST GUST SPEED    21   HIGHEST GUST DIRECTION     N (350)
  AVERAGE WIND SPEED     5.4


SKY COVER
  POSSIBLE SUNSHINE  MM
  AVERAGE SKY COVER 0.0


WEATHER CONDITIONS
 THE FOLLOWING WEATHER WAS RECORDED YESTERDAY.
  NO SIGNIFICANT WEATHER WAS OBSERVED.


RELATIVE HUMIDITY (PERCENT)
 HIGHEST    96           100 AM
 LOWEST     20           400 PM
 AVERAGE    58

..........................................................


THE EAU CLAIRE WI CLIMATE NORMALS FOR TODAY
                         NORMAL    RECORD    YEAR
 MAXIMUM TEMPERATURE (F)   67        90      1939
                                             1909
 MINIMUM TEMPERATURE (F)   42        24      1967


SUNRISE AND SUNSET
MAY  5 2015...........SUNRISE   550 AM CDT   SUNSET   816 PM CDT
MAY  6 2015...........SUNRISE   549 AM CDT   SUNSET   817 PM CDT


-  INDICATES NEGATIVE NUMBERS.
R  INDICATES RECORD WAS SET OR TIED.
MM INDICATES DATA IS MISSING.
T  INDICATES TRACE AMOUNT.




$$
