000
CDUS43 KMPX 170822
CLIEAU


CLIMATE REPORT
NATIONAL WEATHER SERVICE CHANHASSEN MN
321 AM CDT FRI APR 17 2015


...................................

...THE EAU CLAIRE WI CLIMATE SUMMARY FOR APRIL 16 2015...

CLIMATE NORMAL PERIOD 1981 TO 2010
CLIMATE RECORD PERIOD 1893 TO 2015


WEATHER ITEM   OBSERVED TIME   RECORD YEAR NORMAL DEPARTURE LAST
                VALUE   (LST)  VALUE       VALUE  FROM      YEAR
                                                  NORMAL
..................................................................
TEMPERATURE (F)
 YESTERDAY
  MAXIMUM         74    328 PM  85    2002  58     16       49
                                      1964
  MINIMUM         44    602 AM  13    1904  35      9       28
  AVERAGE         59                        46     13       39

PRECIPITATION (IN)
  YESTERDAY        0.00          1.46 2003   0.09  -0.09     0.16
  MONTH TO DATE    1.88                      1.34   0.54     2.57
  SINCE MAR 1      2.59                      3.07  -0.48     3.30
  SINCE JAN 1      3.18                      4.77  -1.59     6.50

SNOWFALL (IN)
  YESTERDAY        0.0           4.0  1910   0.1   -0.1       T
  MONTH TO DATE    1.4                       1.4    0.0      9.1
  SINCE MAR 1      7.3                      10.0   -2.7     13.1
  SINCE JUL 1     38.1                      46.3   -8.2     74.8
  SNOW DEPTH       0

DEGREE DAYS
 HEATING
  YESTERDAY        6                        19    -13       26
  MONTH TO DATE  283                       360    -77      421
  SINCE MAR 1   1273                      1404   -131     1705
  SINCE JUL 1   7626                      7425    201     8597

 COOLING
  YESTERDAY        0                         0      0        0
  MONTH TO DATE    0                         0      0        0
  SINCE MAR 1      0                         0      0        0
  SINCE JAN 1      0                         0      0        0
..................................................................


WIND (MPH)
  HIGHEST WIND SPEED    14   HIGHEST WIND DIRECTION     W (270)
  HIGHEST GUST SPEED    17   HIGHEST GUST DIRECTION     W (280)
  AVERAGE WIND SPEED     5.2


SKY COVER
  POSSIBLE SUNSHINE  MM
  AVERAGE SKY COVER 0.4


WEATHER CONDITIONS
 THE FOLLOWING WEATHER WAS RECORDED YESTERDAY.
  NO SIGNIFICANT WEATHER WAS OBSERVED.


RELATIVE HUMIDITY (PERCENT)
 HIGHEST    46          1000 PM
 LOWEST     19           300 PM
 AVERAGE    33

..........................................................


THE EAU CLAIRE WI CLIMATE NORMALS FOR TODAY
                         NORMAL    RECORD    YEAR
 MAXIMUM TEMPERATURE (F)   59        82      1987
 MINIMUM TEMPERATURE (F)   35        15      1983


SUNRISE AND SUNSET
APRIL 17 2015.........SUNRISE   618 AM CDT   SUNSET   753 PM CDT
APRIL 18 2015.........SUNRISE   617 AM CDT   SUNSET   755 PM CDT


-  INDICATES NEGATIVE NUMBERS.
R  INDICATES RECORD WAS SET OR TIED.
MM INDICATES DATA IS MISSING.
T  INDICATES TRACE AMOUNT.




$$
