000
CDUS43 KMPX 160832
CLIEAU


CLIMATE REPORT
NATIONAL WEATHER SERVICE CHANHASSEN MN
331 AM CDT THU APR 16 2015


...................................

...THE EAU CLAIRE WI CLIMATE SUMMARY FOR APRIL 15 2015...

CLIMATE NORMAL PERIOD 1981 TO 2010
CLIMATE RECORD PERIOD 1893 TO 2015


WEATHER ITEM   OBSERVED TIME   RECORD YEAR NORMAL DEPARTURE LAST
                VALUE   (LST)  VALUE       VALUE  FROM      YEAR
                                                  NORMAL
..................................................................
TEMPERATURE (F)
 YESTERDAY
  MAXIMUM         69    121 PM  91    2002  58     11       37
  MINIMUM         34    447 AM  10    1928  34      0       21
  AVERAGE         52                        46      6       29

PRECIPITATION (IN)
  YESTERDAY        0.00          2.31 1973   0.09  -0.09      T
  MONTH TO DATE    1.88                      1.25   0.63     2.41
  SINCE MAR 1      2.59                      2.98  -0.39     3.14
  SINCE JAN 1      3.18                      4.68  -1.50     6.34

SNOWFALL (IN)
  YESTERDAY        0.0           4.0  1904   0.0    0.0       T
  MONTH TO DATE    1.4                       1.3    0.1      9.1
  SINCE MAR 1      7.3                       9.9   -2.6     13.1
  SINCE JUL 1     38.1                      46.2   -8.1     74.8
  SNOW DEPTH       0

DEGREE DAYS
 HEATING
  YESTERDAY       13                        19     -6       36
  MONTH TO DATE  277                       341    -64      395
  SINCE MAR 1   1267                      1385   -118     1679
  SINCE JUL 1   7620                      7406    214     8571

 COOLING
  YESTERDAY        0                         0      0        0
  MONTH TO DATE    0                         0      0        0
  SINCE MAR 1      0                         0      0        0
  SINCE JAN 1      0                         0      0        0
..................................................................


WIND (MPH)
  HIGHEST WIND SPEED    23   HIGHEST WIND DIRECTION    SE (150)
  HIGHEST GUST SPEED    29   HIGHEST GUST DIRECTION    SE (120)
  AVERAGE WIND SPEED     9.3


SKY COVER
  POSSIBLE SUNSHINE  MM
  AVERAGE SKY COVER 0.0


WEATHER CONDITIONS
 THE FOLLOWING WEATHER WAS RECORDED YESTERDAY.
  NO SIGNIFICANT WEATHER WAS OBSERVED.


RELATIVE HUMIDITY (PERCENT)
 HIGHEST    64           500 AM
 LOWEST     15           100 PM
 AVERAGE    40

..........................................................


THE EAU CLAIRE WI CLIMATE NORMALS FOR TODAY
                         NORMAL    RECORD    YEAR
 MAXIMUM TEMPERATURE (F)   58        85      2002
                                             1964
 MINIMUM TEMPERATURE (F)   35        13      1904


SUNRISE AND SUNSET
APRIL 16 2015.........SUNRISE   620 AM CDT   SUNSET   752 PM CDT
APRIL 17 2015.........SUNRISE   618 AM CDT   SUNSET   753 PM CDT


-  INDICATES NEGATIVE NUMBERS.
R  INDICATES RECORD WAS SET OR TIED.
MM INDICATES DATA IS MISSING.
T  INDICATES TRACE AMOUNT.




$$
