000
CDUS43 KMPX 192147
CLIEAU


CLIMATE REPORT
NATIONAL WEATHER SERVICE CHANHASSEN MN
447 PM CDT SUN APR 19 2015


...................................

...THE EAU CLAIRE WI CLIMATE SUMMARY FOR APRIL 19 2015...
VALID AS OF 0400 PM LOCAL TIME.

CLIMATE NORMAL PERIOD 1981 TO 2010
CLIMATE RECORD PERIOD 1893 TO 2015


WEATHER ITEM   OBSERVED TIME   RECORD YEAR NORMAL DEPARTURE LAST
                VALUE   (LST)  VALUE       VALUE  FROM      YEAR
                                                  NORMAL
..................................................................
TEMPERATURE (F)
 TODAY
  MAXIMUM         56    104 PM  89    1985  60     -4       65
  MINIMUM         45    520 AM  18    1897  36      9       36
  AVERAGE         51                        48      3       51

PRECIPITATION (IN)
  TODAY            0.03          1.23 1931   0.10  -0.07      T
  MONTH TO DATE    1.91                      1.62   0.29     2.64
  SINCE MAR 1      2.62                      3.35  -0.73     3.37
  SINCE JAN 1      3.21                      5.05  -1.84     6.57

SNOWFALL (IN)
  TODAY            0.0           2.9  1924   0.0    0.0      0.0
  MONTH TO DATE    1.4                       1.5   -0.1      9.1
  SINCE MAR 1      7.3                      10.1   -2.8     13.1
  SINCE JUL 1     38.1                      46.4   -8.3     74.8
  SNOW DEPTH       0

DEGREE DAYS
 HEATING
  TODAY           14                        17     -3       14
  MONTH TO DATE  311                       413   -102      494
  SINCE MAR 1   1301                      1457   -156     1778
  SINCE JUL 1   7654                      7478    176     8670

 COOLING
  TODAY            0                         0      0        0
  MONTH TO DATE    0                         0      0        0
  SINCE MAR 1      0                         0      0        0
  SINCE JAN 1      0                         0      0        0
..................................................................


WIND (MPH)
  HIGHEST WIND SPEED    16   HIGHEST WIND DIRECTION     S (160)
  HIGHEST GUST SPEED    20   HIGHEST GUST DIRECTION     S (170)
  AVERAGE WIND SPEED     9.3


SKY COVER
  POSSIBLE SUNSHINE  MM
  AVERAGE SKY COVER 0.8


WEATHER CONDITIONS
 THE FOLLOWING WEATHER WAS RECORDED TODAY.
  LIGHT RAIN


RELATIVE HUMIDITY (PERCENT)
 HIGHEST    60           200 AM
 LOWEST     52           800 AM
 AVERAGE    56

..........................................................


THE EAU CLAIRE WI CLIMATE NORMALS FOR TOMORROW
                         NORMAL    RECORD    YEAR
 MAXIMUM TEMPERATURE (F)   60        88      1987
 MINIMUM TEMPERATURE (F)   36        19      1897


SUNRISE AND SUNSET
APRIL 19 2015.........SUNRISE   615 AM CDT   SUNSET   756 PM CDT
APRIL 20 2015.........SUNRISE   613 AM CDT   SUNSET   757 PM CDT


-  INDICATES NEGATIVE NUMBERS.
R  INDICATES RECORD WAS SET OR TIED.
MM INDICATES DATA IS MISSING.
T  INDICATES TRACE AMOUNT.




$$
