000
CDUS43 KMPX 190721
CLIEAU


CLIMATE REPORT
NATIONAL WEATHER SERVICE CHANHASSEN MN
220 AM CDT SUN APR 19 2015


...................................

...THE EAU CLAIRE WI CLIMATE SUMMARY FOR APRIL 18 2015...

CLIMATE NORMAL PERIOD 1981 TO 2010
CLIMATE RECORD PERIOD 1893 TO 2015


WEATHER ITEM   OBSERVED TIME   RECORD YEAR NORMAL DEPARTURE LAST
                VALUE   (LST)  VALUE       VALUE  FROM      YEAR
                                                  NORMAL
..................................................................
TEMPERATURE (F)
 YESTERDAY
  MAXIMUM         72    310 PM  88    1987  59     13       53
  MINIMUM         40    204 AM  19    1983  35      5       20
                                      1953
                                      1907
  AVERAGE         56                        47      9       37

PRECIPITATION (IN)
  YESTERDAY        T             1.10 1894   0.09  -0.09     0.00
  MONTH TO DATE    1.88                      1.52   0.36     2.64
  SINCE MAR 1      2.59                      3.25  -0.66     3.37
  SINCE JAN 1      3.18                      4.95  -1.77     6.57

SNOWFALL (IN)
  YESTERDAY        0.0           T    1918   0.1   -0.1      0.0
                                      1930
  MONTH TO DATE    1.4                       1.5   -0.1      9.1
  SINCE MAR 1      7.3                      10.1   -2.8     13.1
  SINCE JUL 1     38.1                      46.4   -8.3     74.8
  SNOW DEPTH       0

DEGREE DAYS
 HEATING
  YESTERDAY        9                        18     -9       28
  MONTH TO DATE  297                       396    -99      480
  SINCE MAR 1   1287                      1440   -153     1764
  SINCE JUL 1   7640                      7461    179     8656

 COOLING
  YESTERDAY        0                         0      0        0
  MONTH TO DATE    0                         0      0        0
  SINCE MAR 1      0                         0      0        0
  SINCE JAN 1      0                         0      0        0
..................................................................


WIND (MPH)
  HIGHEST WIND SPEED    20   HIGHEST WIND DIRECTION     E (100)
  HIGHEST GUST SPEED    26   HIGHEST GUST DIRECTION     E (80)
  AVERAGE WIND SPEED    10.1


SKY COVER
  POSSIBLE SUNSHINE  MM
  AVERAGE SKY COVER 0.1


WEATHER CONDITIONS
 THE FOLLOWING WEATHER WAS RECORDED YESTERDAY.
  LIGHT RAIN


RELATIVE HUMIDITY (PERCENT)
 HIGHEST    65           200 AM
 LOWEST     24          1200 PM
 AVERAGE    45

..........................................................


THE EAU CLAIRE WI CLIMATE NORMALS FOR TODAY
                         NORMAL    RECORD    YEAR
 MAXIMUM TEMPERATURE (F)   60        89      1985
 MINIMUM TEMPERATURE (F)   36        18      1897


SUNRISE AND SUNSET
APRIL 19 2015.........SUNRISE   615 AM CDT   SUNSET   756 PM CDT
APRIL 20 2015.........SUNRISE   613 AM CDT   SUNSET   757 PM CDT


-  INDICATES NEGATIVE NUMBERS.
R  INDICATES RECORD WAS SET OR TIED.
MM INDICATES DATA IS MISSING.
T  INDICATES TRACE AMOUNT.




$$
