000
CDUS43 KMPX 230628
CLIEAU


CLIMATE REPORT
NATIONAL WEATHER SERVICE CHANHASSEN MN
127 AM CDT THU APR 23 2015


...................................

...THE EAU CLAIRE WI CLIMATE SUMMARY FOR APRIL 22 2015...

CLIMATE NORMAL PERIOD 1981 TO 2010
CLIMATE RECORD PERIOD 1893 TO 2015


WEATHER ITEM   OBSERVED TIME   RECORD YEAR NORMAL DEPARTURE LAST
                VALUE   (LST)  VALUE       VALUE  FROM      YEAR
                                                  NORMAL
..................................................................
TEMPERATURE (F)
 YESTERDAY
  MAXIMUM         48    339 PM  90    1980  61    -13       57
  MINIMUM         30   1238 AM  19    1986  37     -7       31
  AVERAGE         39                        49    -10       44

PRECIPITATION (IN)
  YESTERDAY        T             0.90 1925   0.09  -0.09     0.00
  MONTH TO DATE    2.76                      1.90   0.86     2.67
  SINCE MAR 1      3.47                      3.63  -0.16     3.40
  SINCE JAN 1      4.06                      5.33  -1.27     6.60

SNOWFALL (IN)
  YESTERDAY        T             4.9  2002   0.1   -0.1      0.0
  MONTH TO DATE    1.4                       1.7   -0.3      9.1
  SINCE MAR 1      7.3                      10.3   -3.0     13.1
  SINCE JUL 1     38.1                      46.6   -8.5     74.8
  SNOW DEPTH       0

DEGREE DAYS
 HEATING
  YESTERDAY       26                        16     10       21
  MONTH TO DATE  389                       462    -73      527
  SINCE MAR 1   1379                      1506   -127     1811
  SINCE JUL 1   7732                      7527    205     8703

 COOLING
  YESTERDAY        0                         0      0        0
  MONTH TO DATE    0                         0      0        0
  SINCE MAR 1      0                         0      0        0
  SINCE JAN 1      0                         0      0        0
..................................................................


WIND (MPH)
  HIGHEST WIND SPEED    25   HIGHEST WIND DIRECTION    NW (300)
  HIGHEST GUST SPEED    32   HIGHEST GUST DIRECTION    NW (330)
  AVERAGE WIND SPEED    12.6


SKY COVER
  POSSIBLE SUNSHINE  MM
  AVERAGE SKY COVER 0.7


WEATHER CONDITIONS
 THE FOLLOWING WEATHER WAS RECORDED YESTERDAY.
  NO SIGNIFICANT WEATHER WAS OBSERVED.


RELATIVE HUMIDITY (PERCENT)
 HIGHEST    69           100 AM
 LOWEST     27           600 PM
 AVERAGE    48

..........................................................


THE EAU CLAIRE WI CLIMATE NORMALS FOR TODAY
                         NORMAL    RECORD    YEAR
 MAXIMUM TEMPERATURE (F)   62        86      1960
 MINIMUM TEMPERATURE (F)   37        18      1893


SUNRISE AND SUNSET
APRIL 23 2015.........SUNRISE   608 AM CDT   SUNSET   801 PM CDT
APRIL 24 2015.........SUNRISE   607 AM CDT   SUNSET   802 PM CDT


-  INDICATES NEGATIVE NUMBERS.
R  INDICATES RECORD WAS SET OR TIED.
MM INDICATES DATA IS MISSING.
T  INDICATES TRACE AMOUNT.




$$
