000
CDUS43 KMPX 220104
CLIEAU


CLIMATE REPORT
NATIONAL WEATHER SERVICE CHANHASSEN MN
803 PM CDT TUE APR 21 2015


...................................

...THE EAU CLAIRE WI CLIMATE SUMMARY FOR APRIL 21 2015...
VALID TODAY AS OF 0800 PM LOCAL TIME.

CLIMATE NORMAL PERIOD 1981 TO 2010
CLIMATE RECORD PERIOD 1893 TO 2015


WEATHER ITEM   OBSERVED TIME   RECORD YEAR NORMAL DEPARTURE LAST
                VALUE   (LST)  VALUE       VALUE  FROM      YEAR
                                                  NORMAL
..................................................................
TEMPERATURE (F)
 TODAY
  MAXIMUM         42    235 PM  90    1980  61    -19       75
  MINIMUM         33    643 AM  20    1978  37     -4       41
  AVERAGE         38                        49    -11       58

PRECIPITATION (IN)
  TODAY            0.01          1.04 1912   0.10  -0.09      T
  MONTH TO DATE    2.76                      1.81   0.95     2.67
  SINCE MAR 1      3.47                      3.54  -0.07     3.40
  SINCE JAN 1      4.06                      5.24  -1.18     6.60

SNOWFALL (IN)
  TODAY            T             1.8  1995   0.0    0.0      0.0
  MONTH TO DATE    1.4                       1.6   -0.2      9.1
  SINCE MAR 1      7.3                      10.2   -2.9     13.1
  SINCE JUL 1     38.1                      46.5   -8.4     74.8
  SNOW DEPTH       0

DEGREE DAYS
 HEATING
  TODAY           27                        16     11        7
  MONTH TO DATE  362                       446    -84      506
  SINCE MAR 1   1352                      1490   -138     1790
  SINCE JUL 1   7705                      7511    194     8682

 COOLING
  TODAY            0                         0      0        0
  MONTH TO DATE    0                         0      0        0
  SINCE MAR 1      0                         0      0        0
  SINCE JAN 1      0                         0      0        0
..................................................................


WIND (MPH)
  HIGHEST WIND SPEED    29   HIGHEST WIND DIRECTION     W (290)
  HIGHEST GUST SPEED    40   HIGHEST GUST DIRECTION     W (290)
  AVERAGE WIND SPEED    16.5


SKY COVER
  POSSIBLE SUNSHINE  MM
  AVERAGE SKY COVER 1.0


WEATHER CONDITIONS
 THE FOLLOWING WEATHER WAS RECORDED TODAY.
  LIGHT SNOW
  FOG
  HAZE


RELATIVE HUMIDITY (PERCENT)
 HIGHEST    82           300 AM
 LOWEST     46           200 PM
 AVERAGE    64

..........................................................


THE EAU CLAIRE WI CLIMATE NORMALS FOR TOMORROW
                         NORMAL    RECORD    YEAR
 MAXIMUM TEMPERATURE (F)   61        90      1980
 MINIMUM TEMPERATURE (F)   37        19      1986


SUNRISE AND SUNSET
APRIL 21 2015.........SUNRISE   612 AM CDT   SUNSET   758 PM CDT
APRIL 22 2015.........SUNRISE   610 AM CDT   SUNSET   800 PM CDT


-  INDICATES NEGATIVE NUMBERS.
R  INDICATES RECORD WAS SET OR TIED.
MM INDICATES DATA IS MISSING.
T  INDICATES TRACE AMOUNT.




$$
