000
CDUS43 KMPX 290641
CLIEAU


CLIMATE REPORT
NATIONAL WEATHER SERVICE CHANHASSEN MN
141 AM CDT WED APR 29 2015


...................................

...THE EAU CLAIRE WI CLIMATE SUMMARY FOR APRIL 28 2015...

CLIMATE NORMAL PERIOD 1981 TO 2010
CLIMATE RECORD PERIOD 1893 TO 2015


WEATHER ITEM   OBSERVED TIME   RECORD YEAR NORMAL DEPARTURE LAST
                VALUE   (LST)  VALUE       VALUE  FROM      YEAR
                                                  NORMAL
..................................................................
TEMPERATURE (F)
 YESTERDAY
  MAXIMUM         71    138 PM  87    1952  64      7       46
  MINIMUM         33    516 AM  22    1965  39     -6       40
  AVERAGE         52                        52      0       43

PRECIPITATION (IN)
  YESTERDAY        0.00          0.62 1914   0.11  -0.11     0.57
  MONTH TO DATE    2.76                      2.53   0.23     4.94
  SINCE MAR 1      3.47                      4.26  -0.79     5.67
  SINCE JAN 1      4.06                      5.96  -1.90     8.87

SNOWFALL (IN)
  YESTERDAY        0.0           3.3  2008   0.1   -0.1      0.0
  MONTH TO DATE    1.4                       1.9   -0.5      9.1
  SINCE MAR 1      7.3                      10.5   -3.2     13.1
  SINCE JUL 1     38.1                      46.8   -8.7     74.8
  SNOW DEPTH       0

DEGREE DAYS
 HEATING
  YESTERDAY       13                        14     -1       22
  MONTH TO DATE  498                       550    -52      659
  SINCE MAR 1   1488                      1594   -106     1943
  SINCE JUL 1   7841                      7615    226     8835

 COOLING
  YESTERDAY        0                         0      0        0
  MONTH TO DATE    0                         0      0        0
  SINCE MAR 1      0                         0      0        0
  SINCE JAN 1      0                         0      0        0
..................................................................


WIND (MPH)
  HIGHEST WIND SPEED    16   HIGHEST WIND DIRECTION    NW (300)
  HIGHEST GUST SPEED    19   HIGHEST GUST DIRECTION    NW (300)
  AVERAGE WIND SPEED     4.1


SKY COVER
  POSSIBLE SUNSHINE  MM
  AVERAGE SKY COVER 0.2


WEATHER CONDITIONS
 THE FOLLOWING WEATHER WAS RECORDED YESTERDAY.
  FOG


RELATIVE HUMIDITY (PERCENT)
 HIGHEST    96           500 AM
 LOWEST     22           500 PM
 AVERAGE    59

..........................................................


THE EAU CLAIRE WI CLIMATE NORMALS FOR TODAY
                         NORMAL    RECORD    YEAR
 MAXIMUM TEMPERATURE (F)   65        90      1970
 MINIMUM TEMPERATURE (F)   40        17      1956


SUNRISE AND SUNSET
APRIL 29 2015.........SUNRISE   559 AM CDT   SUNSET   808 PM CDT
APRIL 30 2015.........SUNRISE   557 AM CDT   SUNSET   810 PM CDT


-  INDICATES NEGATIVE NUMBERS.
R  INDICATES RECORD WAS SET OR TIED.
MM INDICATES DATA IS MISSING.
T  INDICATES TRACE AMOUNT.




$$
