000
CDUS43 KMPX 110036
CLIEAU


CLIMATE REPORT
NATIONAL WEATHER SERVICE CHANHASSEN MN
736 PM CDT FRI APR 10 2015


...................................

...THE EAU CLAIRE WI CLIMATE SUMMARY FOR APRIL 10 2015...
VALID TODAY AS OF 0700 PM LOCAL TIME.

CLIMATE NORMAL PERIOD 1981 TO 2010
CLIMATE RECORD PERIOD 1893 TO 2015


WEATHER ITEM   OBSERVED TIME   RECORD YEAR NORMAL DEPARTURE LAST
                VALUE   (LST)  VALUE       VALUE  FROM      YEAR
                                                  NORMAL
..................................................................
TEMPERATURE (F)
 TODAY
  MAXIMUM         56    506 PM  85    1977  55      1       62
  MINIMUM         34    714 AM  13    1952  32      2       38
  AVERAGE         45                        43      2       50

PRECIPITATION (IN)
  TODAY            0.07          1.01 2008   0.09  -0.02      T
  MONTH TO DATE    1.77                      0.81   0.96     1.98
  SINCE MAR 1      2.48                      2.54  -0.06     2.71
  SINCE JAN 1      3.07                      4.24  -1.17     5.91

SNOWFALL (IN)
  TODAY            0.4           2.7  2013   0.1    0.3      0.0
  MONTH TO DATE    1.4                       1.0    0.4      7.6
  SINCE MAR 1      7.3                       9.6   -2.3     11.6
  SINCE JUL 1     38.1                      45.9   -7.8     73.3
  SNOW DEPTH       1

DEGREE DAYS
 HEATING
  TODAY           20                        22     -2       15
  MONTH TO DATE  215                       240    -25      262
  SINCE MAR 1   1205                      1284    -79     1546
  SINCE JUL 1   7558                      7305    253     8438

 COOLING
  TODAY            0                         0      0        0
  MONTH TO DATE    0                         0      0        0
  SINCE MAR 1      0                         0      0        0
  SINCE JAN 1      0                         0      0        0
..................................................................


WIND (MPH)
  HIGHEST WIND SPEED    21   HIGHEST WIND DIRECTION     W (290)
  HIGHEST GUST SPEED    26   HIGHEST GUST DIRECTION     W (290)
  AVERAGE WIND SPEED     9.2


SKY COVER
  POSSIBLE SUNSHINE  MM
  AVERAGE SKY COVER 0.8


WEATHER CONDITIONS
 THE FOLLOWING WEATHER WAS RECORDED TODAY.
  NO SIGNIFICANT WEATHER WAS OBSERVED.


RELATIVE HUMIDITY (PERCENT)
 HIGHEST    96           700 AM
 LOWEST     35           500 PM
 AVERAGE    66

..........................................................


THE EAU CLAIRE WI CLIMATE NORMALS FOR TOMORROW
                         NORMAL    RECORD    YEAR
 MAXIMUM TEMPERATURE (F)   55        81      1977
 MINIMUM TEMPERATURE (F)   32         8      1952


SUNRISE AND SUNSET
APRIL 10 2015.........SUNRISE   631 AM CDT   SUNSET   745 PM CDT
APRIL 11 2015.........SUNRISE   629 AM CDT   SUNSET   746 PM CDT


-  INDICATES NEGATIVE NUMBERS.
R  INDICATES RECORD WAS SET OR TIED.
MM INDICATES DATA IS MISSING.
T  INDICATES TRACE AMOUNT.




$$
