000
CDUS43 KMPX 040625
CLIMPX


CLIMATE REPORT
NATIONAL WEATHER SERVICE CHANHASSEN MN
125 AM CDT MON MAY 4 2015


...................................

...THE CHANHASSEN MN CLIMATE SUMMARY FOR MAY 3 2015...

CLIMATE NORMAL PERIOD 1981 TO 2010
CLIMATE RECORD PERIOD 1995 TO 2015


WEATHER ITEM   OBSERVED TIME   RECORD YEAR NORMAL DEPARTURE LAST
                VALUE   (LST)  VALUE       VALUE  FROM      YEAR
                                                  NORMAL
..................................................................
TEMPERATURE (F)
 YESTERDAY
  MAXIMUM         80        MM  MM      MM  65     15       57
  MINIMUM         52        MM  MM      MM  43      9       43
  AVERAGE         66                        54     12       50

PRECIPITATION (IN)
  YESTERDAY        0.42         MM      MM   0.12   0.30     0.00
  MONTH TO DATE    0.51                      0.34   0.17     0.03
  SINCE MAR 1      3.51                      5.12  -1.61     7.77
  SINCE JAN 1      4.27                      6.93  -2.66    10.68

SNOWFALL (IN)
  YESTERDAY        T            MM      MM   0.0    0.0      0.0
  MONTH TO DATE    T                         0.1   -0.1      0.0
  SINCE MAR 1      9.3                      14.3   -5.0     14.2
  SINCE JUL 1     33.4                      54.0  -20.6     69.5
  SNOW DEPTH       0

DEGREE DAYS
 HEATING
  YESTERDAY        0                        11    -11       15
  MONTH TO DATE    9                        35    -26       53
  SINCE MAR 1   1485                      1639   -154     2029
  SINCE JUL 1   7743                      7654     89     8912

 COOLING
  YESTERDAY        1                         0      1        0
  MONTH TO DATE    1                         0      1        0
  SINCE MAR 1      1                         3     -2        0
  SINCE JAN 1      1                         3     -2        0
..................................................................


WIND (MPH)
  HIGHEST WIND SPEED    MM   HIGHEST WIND DIRECTION    MM
  HIGHEST GUST SPEED    MM   HIGHEST GUST DIRECTION    MM
  AVERAGE WIND SPEED    MM


SKY COVER
  POSSIBLE SUNSHINE  MM
  AVERAGE SKY COVER  MM


WEATHER CONDITIONS
 THE FOLLOWING WEATHER WAS RECORDED YESTERDAY.
  NO SIGNIFICANT WEATHER WAS OBSERVED.


RELATIVE HUMIDITY (PERCENT)
 HIGHEST    MM
 LOWEST     MM
 AVERAGE    MM

..........................................................


THE CHANHASSEN MN CLIMATE NORMALS FOR TODAY
                         NORMAL    RECORD    YEAR
 MAXIMUM TEMPERATURE (F)   65        MM        MM
 MINIMUM TEMPERATURE (F)   44        MM        MM


SUNRISE AND SUNSET
MAY  4 2015...........SUNRISE   600 AM CDT   SUNSET   823 PM CDT
MAY  5 2015...........SUNRISE   559 AM CDT   SUNSET   824 PM CDT


-  INDICATES NEGATIVE NUMBERS.
R  INDICATES RECORD WAS SET OR TIED.
MM INDICATES DATA IS MISSING.
T  INDICATES TRACE AMOUNT.




$$
