000
CDUS43 KMPX 010023
CLIMPX


CLIMATE REPORT
NATIONAL WEATHER SERVICE CHANHASSEN MN
723 PM CDT THU APR 30 2015


...................................

...THE CHANHASSEN MN CLIMATE SUMMARY FOR APRIL 30 2015...
VALID TODAY AS OF 0700 PM LOCAL TIME.

CLIMATE NORMAL PERIOD 1981 TO 2010
CLIMATE RECORD PERIOD 1995 TO 2015


WEATHER ITEM   OBSERVED TIME   RECORD YEAR NORMAL DEPARTURE LAST
                VALUE   (LST)  VALUE       VALUE  FROM      YEAR
                                                  NORMAL
..................................................................
TEMPERATURE (F)
 TODAY
  MAXIMUM         67        MM  MM      MM  64      3       45
  MINIMUM         46        MM  MM          42      4       35
  AVERAGE         57                        53      4       40

PRECIPITATION (IN)
  TODAY            0.00         MM      MM   0.12  -0.12     0.03
  MONTH TO DATE    2.22                      3.00  -0.78     7.05
  SINCE MAR 1      3.00                      4.78  -1.78     7.74
  SINCE JAN 1      3.76                      6.59  -2.83    10.65

SNOWFALL (IN)
  TODAY            0.0          MM      MM   0.0    0.0      0.0
  MONTH TO DATE    0.5                       3.4   -2.9     10.8
  SINCE MAR 1      9.3                      14.2   -4.9     14.2
  SINCE JUL 1     33.4                      53.9  -20.5     69.5
  SNOW DEPTH       0

DEGREE DAYS
 HEATING
  TODAY            8                        12     -4       25
  MONTH TO DATE  511                       560    -49      708
  SINCE MAR 1   1476                      1604   -128     1976
  SINCE JUL 1   7734                      7619    115     8859

 COOLING
  TODAY            0                         0      0        0
  MONTH TO DATE    0                         3     -3        0
  SINCE MAR 1      0                         3     -3        0
  SINCE JAN 1      0                         3     -3        0
..................................................................


WIND (MPH)
  HIGHEST WIND SPEED    MM   HIGHEST WIND DIRECTION    MM
  HIGHEST GUST SPEED    MM   HIGHEST GUST DIRECTION    MM
  AVERAGE WIND SPEED    MM


SKY COVER
  POSSIBLE SUNSHINE  MM
  AVERAGE SKY COVER  MM


WEATHER CONDITIONS
 THE FOLLOWING WEATHER WAS RECORDED TODAY.
  NO SIGNIFICANT WEATHER WAS OBSERVED.


RELATIVE HUMIDITY (PERCENT)
 HIGHEST    MM
 LOWEST     MM
 AVERAGE    MM

..........................................................


THE CHANHASSEN MN CLIMATE NORMALS FOR TOMORROW
                         NORMAL    RECORD    YEAR
 MAXIMUM TEMPERATURE (F)   64        MM        MM
 MINIMUM TEMPERATURE (F)   42        MM        MM


SUNRISE AND SUNSET
APRIL 30 2015.........SUNRISE   606 AM CDT   SUNSET   818 PM CDT
MAY  1 2015...........SUNRISE   604 AM CDT   SUNSET   819 PM CDT


-  INDICATES NEGATIVE NUMBERS.
R  INDICATES RECORD WAS SET OR TIED.
MM INDICATES DATA IS MISSING.
T  INDICATES TRACE AMOUNT.




$$
