000
CDUS43 KMPX 272130
CLIMPX


CLIMATE REPORT
NATIONAL WEATHER SERVICE CHANHASSEN MN
430 PM CDT MON APR 27 2015


...................................

...THE CHANHASSEN MN CLIMATE SUMMARY FOR APRIL 27 2015...
VALID AS OF 0400 PM LOCAL TIME.

CLIMATE NORMAL PERIOD 1981 TO 2010
CLIMATE RECORD PERIOD 1995 TO 2015


WEATHER ITEM   OBSERVED TIME   RECORD YEAR NORMAL DEPARTURE LAST
                VALUE   (LST)  VALUE       VALUE  FROM      YEAR
                                                  NORMAL
..................................................................
TEMPERATURE (F)
 TODAY
  MAXIMUM         67        MM  MM      MM  63      4       45
  MINIMUM         34        MM  MM      MM  41     -7       38
  AVERAGE         51                        52     -1       42

PRECIPITATION (IN)
  TODAY            0.00         MM      MM   0.11  -0.11     2.05
  MONTH TO DATE    2.22                      2.64  -0.42     5.08
  SINCE MAR 1      3.00                      4.42  -1.42     5.77
  SINCE JAN 1      3.76                      6.23  -2.47     8.68

SNOWFALL (IN)
  TODAY            0.0          MM      MM   0.1   -0.1      0.0
  MONTH TO DATE    0.5                       3.3   -2.8     10.8
  SINCE MAR 1      9.3                      14.1   -4.8     14.2
  SINCE JUL 1     33.4                      53.8  -20.4     69.5
  SNOW DEPTH       0

DEGREE DAYS
 HEATING
  TODAY           14                        13      1       23
  MONTH TO DATE  479                       522    -43      633
  SINCE MAR 1   1444                      1568   -124     1901
  SINCE JUL 1   7702                      7583    119     8784

 COOLING
  TODAY            0                         0      0        0
  MONTH TO DATE    0                         0      0        0
  SINCE MAR 1      0                         0      0        0
  SINCE JAN 1      0                         0      0        0
..................................................................




SKY COVER
  POSSIBLE SUNSHINE  MM
  AVERAGE SKY COVER  MM


WEATHER CONDITIONS
 THE FOLLOWING WEATHER WAS RECORDED TODAY.
  NO SIGNIFICANT WEATHER WAS OBSERVED.


RELATIVE HUMIDITY (PERCENT)
 HIGHEST    MM
 LOWEST     MM
 AVERAGE    MM

..........................................................


THE CHANHASSEN MN CLIMATE NORMALS FOR TOMORROW
                         NORMAL    RECORD    YEAR
 MAXIMUM TEMPERATURE (F)   63        MM        MM
 MINIMUM TEMPERATURE (F)   41        MM        MM


SUNRISE AND SUNSET
APRIL 27 2015.........SUNRISE   610 AM CDT   SUNSET   814 PM CDT
APRIL 28 2015.........SUNRISE   609 AM CDT   SUNSET   816 PM CDT


-  INDICATES NEGATIVE NUMBERS.
R  INDICATES RECORD WAS SET OR TIED.
MM INDICATES DATA IS MISSING.
T  INDICATES TRACE AMOUNT.




$$
