000
CDUS43 KMPX 130628
CLIMPX


CLIMATE REPORT
NATIONAL WEATHER SERVICE CHANHASSEN MN
124 AM CDT MON APR 13 2015


...................................

...THE CHANHASSEN MN CLIMATE SUMMARY FOR APRIL 12 2015...

CLIMATE NORMAL PERIOD 1981 TO 2010
CLIMATE RECORD PERIOD 1995 TO 2015


WEATHER ITEM   OBSERVED TIME   RECORD YEAR NORMAL DEPARTURE LAST
                VALUE   (LST)  VALUE       VALUE  FROM      YEAR
                                                  NORMAL
..................................................................
TEMPERATURE (F)
 YESTERDAY
  MAXIMUM         74        MM  MM      MM  56     18       58
  MINIMUM         49        MM  MM      MM  34     15       43
  AVERAGE         62                        45     17       51

PRECIPITATION (IN)
  YESTERDAY        0.39         MM      MM   0.10   0.29     0.07
  MONTH TO DATE    1.59                      1.15   0.44     0.84
  SINCE MAR 1      2.37                      2.93  -0.56     1.53
  SINCE JAN 1      3.13                      4.74  -1.61     4.44

SNOWFALL (IN)
  YESTERDAY        0.0          MM      MM   0.2   -0.2      0.0
  MONTH TO DATE    0.5                       2.1   -1.6      8.7
  SINCE MAR 1      9.3                      12.9   -3.6     12.1
  SINCE JUL 1     33.4                      52.6  -19.2     67.4
  SNOW DEPTH       0

DEGREE DAYS
 HEATING
  YESTERDAY        3                        20    -17       14
  MONTH TO DATE  244                       276    -32      287
  SINCE MAR 1   1209                      1322   -113     1555
  SINCE JUL 1   7467                      7337    130     8438

 COOLING
  YESTERDAY        0                         0      0        0
  MONTH TO DATE    0                         0      0        0
  SINCE MAR 1      0                         0      0        0
  SINCE JAN 1      0                         0      0        0
..................................................................


WIND (MPH)
  HIGHEST WIND SPEED    MM   HIGHEST WIND DIRECTION    MM
  HIGHEST GUST SPEED    MM   HIGHEST GUST DIRECTION    MM
  AVERAGE WIND SPEED    MM


SKY COVER
  POSSIBLE SUNSHINE  MM
  AVERAGE SKY COVER  MM


WEATHER CONDITIONS
 THE FOLLOWING WEATHER WAS RECORDED YESTERDAY.
  NO SIGNIFICANT WEATHER WAS OBSERVED.


RELATIVE HUMIDITY (PERCENT)
 HIGHEST    MM
 LOWEST     MM
 AVERAGE    MM

..........................................................


THE CHANHASSEN MN CLIMATE NORMALS FOR TODAY
                         NORMAL    RECORD    YEAR
 MAXIMUM TEMPERATURE (F)   56        MM        MM
 MINIMUM TEMPERATURE (F)   35        MM        MM


SUNRISE AND SUNSET
APRIL 13 2015.........SUNRISE   634 AM CDT   SUNSET   757 PM CDT
APRIL 14 2015.........SUNRISE   632 AM CDT   SUNSET   758 PM CDT


-  INDICATES NEGATIVE NUMBERS.
R  INDICATES RECORD WAS SET OR TIED.
MM INDICATES DATA IS MISSING.
T  INDICATES TRACE AMOUNT.




$$
