000
CDUS43 KMPX 110647
CLIMPX


CLIMATE REPORT
NATIONAL WEATHER SERVICE CHANHASSEN MN
147 AM CDT SAT APR 11 2015


...................................

...THE CHANHASSEN MN CLIMATE SUMMARY FOR APRIL 10 2015...

CLIMATE NORMAL PERIOD 1981 TO 2010
CLIMATE RECORD PERIOD 1995 TO 2015


WEATHER ITEM   OBSERVED TIME   RECORD YEAR NORMAL DEPARTURE LAST
                VALUE   (LST)  VALUE       VALUE  FROM      YEAR
                                                  NORMAL
..................................................................
TEMPERATURE (F)
 YESTERDAY
  MAXIMUM         55        MM  MM      MM  54      1       60
  MINIMUM         29        MM  MM      MM  34     -5       36
  AVERAGE         42                        44     -2       48

PRECIPITATION (IN)
  YESTERDAY        0.03         MM      MM   0.10  -0.07      T
  MONTH TO DATE    1.20                      0.94   0.26     0.77
  SINCE MAR 1      1.98                      2.72  -0.74     1.46
  SINCE JAN 1      2.74                      4.53  -1.79     4.37

SNOWFALL (IN)
  YESTERDAY        0.5          MM      MM   0.1    0.4      0.0
  MONTH TO DATE    0.5                       1.8   -1.3      8.7
  SINCE MAR 1      9.3                      12.6   -3.3     12.1
  SINCE JUL 1     33.4                      52.3  -18.9     67.4
  SNOW DEPTH       0

DEGREE DAYS
 HEATING
  YESTERDAY       23                        21      2       17
  MONTH TO DATE  225                       235    -10      257
  SINCE MAR 1   1190                      1281    -91     1525
  SINCE JUL 1   7448                      7296    152     8408

 COOLING
  YESTERDAY        0                         0      0        0
  MONTH TO DATE    0                         0      0        0
  SINCE MAR 1      0                         0      0        0
  SINCE JAN 1      0                         0      0        0
..................................................................


WIND (MPH)
  HIGHEST WIND SPEED    MM   HIGHEST WIND DIRECTION    MM
  HIGHEST GUST SPEED    MM   HIGHEST GUST DIRECTION    MM
  AVERAGE WIND SPEED    MM


SKY COVER
  POSSIBLE SUNSHINE  MM
  AVERAGE SKY COVER  MM


WEATHER CONDITIONS
 THE FOLLOWING WEATHER WAS RECORDED YESTERDAY.
  NO SIGNIFICANT WEATHER WAS OBSERVED.


RELATIVE HUMIDITY (PERCENT)
 HIGHEST    MM
 LOWEST     MM
 AVERAGE    MM

..........................................................


THE CHANHASSEN MN CLIMATE NORMALS FOR TODAY
                         NORMAL    RECORD    YEAR
 MAXIMUM TEMPERATURE (F)   55        MM        MM
 MINIMUM TEMPERATURE (F)   34        MM        MM


SUNRISE AND SUNSET
APRIL 11 2015.........SUNRISE   637 AM CDT   SUNSET   754 PM CDT
APRIL 12 2015.........SUNRISE   635 AM CDT   SUNSET   755 PM CDT


-  INDICATES NEGATIVE NUMBERS.
R  INDICATES RECORD WAS SET OR TIED.
MM INDICATES DATA IS MISSING.
T  INDICATES TRACE AMOUNT.




$$
