000
CDUS43 KMPX 100717
CLIMPX


CLIMATE REPORT
NATIONAL WEATHER SERVICE CHANHASSEN MN
217 AM CDT FRI APR 10 2015


...................................

...THE CHANHASSEN MN CLIMATE SUMMARY FOR APRIL 9 2015...

CLIMATE NORMAL PERIOD 1981 TO 2010
CLIMATE RECORD PERIOD 1995 TO 2015


WEATHER ITEM   OBSERVED TIME   RECORD YEAR NORMAL DEPARTURE LAST
                VALUE   (LST)  VALUE       VALUE  FROM      YEAR
                                                  NORMAL
..................................................................
TEMPERATURE (F)
 YESTERDAY
  MAXIMUM         40        MM  MM      MM  54    -14       70
  MINIMUM         31        MM  MM      MM  33     -2       29
  AVERAGE         36                        44     -8       50

PRECIPITATION (IN)
  YESTERDAY        0.81         MM      MM   0.10   0.71      T
  MONTH TO DATE    1.17                      0.84   0.33     0.77
  SINCE MAR 1      1.95                      2.62  -0.67     1.46
  SINCE JAN 1      2.71                      4.43  -1.72     4.37

SNOWFALL (IN)
  YESTERDAY        T            MM      MM   0.2   -0.2      0.0
  MONTH TO DATE    T                         1.7   -1.7      8.7
  SINCE MAR 1      8.8                      12.5   -3.7     12.1
  SINCE JUL 1     32.9                      52.2  -19.3     67.4
  SNOW DEPTH       0

DEGREE DAYS
 HEATING
  YESTERDAY       29                        22      7       15
  MONTH TO DATE  202                       214    -12      240
  SINCE MAR 1   1167                      1260    -93     1508
  SINCE JUL 1   7425                      7275    150     8391

 COOLING
  YESTERDAY        0                         0      0        0
  MONTH TO DATE    0                         0      0        0
  SINCE MAR 1      0                         0      0        0
  SINCE JAN 1      0                         0      0        0
..................................................................


WIND (MPH)
  HIGHEST WIND SPEED    MM   HIGHEST WIND DIRECTION    MM
  HIGHEST GUST SPEED    MM   HIGHEST GUST DIRECTION    MM
  AVERAGE WIND SPEED    MM


SKY COVER
  POSSIBLE SUNSHINE  MM
  AVERAGE SKY COVER  MM


WEATHER CONDITIONS
 THE FOLLOWING WEATHER WAS RECORDED YESTERDAY.
  NO SIGNIFICANT WEATHER WAS OBSERVED.


RELATIVE HUMIDITY (PERCENT)
 HIGHEST    MM
 LOWEST     MM
 AVERAGE    MM

..........................................................


THE CHANHASSEN MN CLIMATE NORMALS FOR TODAY
                         NORMAL    RECORD    YEAR
 MAXIMUM TEMPERATURE (F)   54        MM        MM
 MINIMUM TEMPERATURE (F)   34        MM        MM


SUNRISE AND SUNSET
APRIL 10 2015.........SUNRISE   639 AM CDT   SUNSET   753 PM CDT
APRIL 11 2015.........SUNRISE   637 AM CDT   SUNSET   754 PM CDT


-  INDICATES NEGATIVE NUMBERS.
R  INDICATES RECORD WAS SET OR TIED.
MM INDICATES DATA IS MISSING.
T  INDICATES TRACE AMOUNT.




$$
