000
CDUS43 KMPX 170822
CLIMPX


CLIMATE REPORT
NATIONAL WEATHER SERVICE CHANHASSEN MN
321 AM CDT FRI APR 17 2015


...................................

...THE CHANHASSEN MN CLIMATE SUMMARY FOR APRIL 16 2015...

CLIMATE NORMAL PERIOD 1981 TO 2010
CLIMATE RECORD PERIOD 1995 TO 2015


WEATHER ITEM   OBSERVED TIME   RECORD YEAR NORMAL DEPARTURE LAST
                VALUE   (LST)  VALUE       VALUE  FROM      YEAR
                                                  NORMAL
..................................................................
TEMPERATURE (F)
 YESTERDAY
  MAXIMUM         72        MM  MM      MM  58     14       37
  MINIMUM         51        MM  MM      MM  36     15       27
  AVERAGE         62                        47     15       32

PRECIPITATION (IN)
  YESTERDAY        T            MM      MM   0.10  -0.10     0.60
  MONTH TO DATE    1.59                      1.54   0.05     1.44
  SINCE MAR 1      2.37                      3.32  -0.95     2.13
  SINCE JAN 1      3.13                      5.13  -2.00     5.04

SNOWFALL (IN)
  YESTERDAY        0.0          MM      MM   0.1   -0.1      2.1
  MONTH TO DATE    0.5                       2.6   -2.1     10.8
  SINCE MAR 1      9.3                      13.4   -4.1     14.2
  SINCE JUL 1     33.4                      53.1  -19.7     69.5
  SNOW DEPTH       0

DEGREE DAYS
 HEATING
  YESTERDAY        3                        18    -15       33
  MONTH TO DATE  281                       352    -71      420
  SINCE MAR 1   1246                      1398   -152     1688
  SINCE JUL 1   7504                      7413     91     8571

 COOLING
  YESTERDAY        0                         0      0        0
  MONTH TO DATE    0                         0      0        0
  SINCE MAR 1      0                         0      0        0
  SINCE JAN 1      0                         0      0        0
..................................................................


WIND (MPH)
  HIGHEST WIND SPEED    MM   HIGHEST WIND DIRECTION    MM
  HIGHEST GUST SPEED    MM   HIGHEST GUST DIRECTION    MM
  AVERAGE WIND SPEED    MM


SKY COVER
  POSSIBLE SUNSHINE  MM
  AVERAGE SKY COVER  MM


WEATHER CONDITIONS
 THE FOLLOWING WEATHER WAS RECORDED YESTERDAY.
  NO SIGNIFICANT WEATHER WAS OBSERVED.


RELATIVE HUMIDITY (PERCENT)
 HIGHEST    MM
 LOWEST     MM
 AVERAGE    MM

..........................................................


THE CHANHASSEN MN CLIMATE NORMALS FOR TODAY
                         NORMAL    RECORD    YEAR
 MAXIMUM TEMPERATURE (F)   58        MM        MM
 MINIMUM TEMPERATURE (F)   37        MM        MM


SUNRISE AND SUNSET
APRIL 17 2015.........SUNRISE   627 AM CDT   SUNSET   802 PM CDT
APRIL 18 2015.........SUNRISE   625 AM CDT   SUNSET   803 PM CDT


-  INDICATES NEGATIVE NUMBERS.
R  INDICATES RECORD WAS SET OR TIED.
MM INDICATES DATA IS MISSING.
T  INDICATES TRACE AMOUNT.




$$
