000
CDUS43 KMPX 210102
CLIMPX


CLIMATE REPORT
NATIONAL WEATHER SERVICE CHANHASSEN MN
801 PM CDT MON APR 20 2015


...................................

...THE CHANHASSEN MN CLIMATE SUMMARY FOR APRIL 20 2015...
VALID TODAY AS OF 0800 PM LOCAL TIME.

CLIMATE NORMAL PERIOD 1981 TO 2010
CLIMATE RECORD PERIOD 1995 TO 2015


WEATHER ITEM   OBSERVED TIME   RECORD YEAR NORMAL DEPARTURE LAST
                VALUE   (LST)  VALUE       VALUE  FROM      YEAR
                                                  NORMAL
..................................................................
TEMPERATURE (F)
 TODAY
  MAXIMUM         43        MM  MM      MM  60    -17       74
  MINIMUM         35        MM  MM          38     -3       45
  AVERAGE         39                        49    -10       60

PRECIPITATION (IN)
  TODAY            T            MM      MM   0.09  -0.09     0.07
  MONTH TO DATE    1.78                      1.92  -0.14     1.67
  SINCE MAR 1      2.56                      3.70  -1.14     2.36
  SINCE JAN 1      3.32                      5.51  -2.19     5.27

SNOWFALL (IN)
  TODAY            0.0          MM      MM   0.1   -0.1      0.0
  MONTH TO DATE    0.5                       2.9   -2.4     10.8
  SINCE MAR 1      9.3                      13.7   -4.4     14.2
  SINCE JUL 1     33.4                      53.4  -20.0     69.5
  SNOW DEPTH       0

DEGREE DAYS
 HEATING
  TODAY           26                        16     10        5
  MONTH TO DATE  335                       420    -85      494
  SINCE MAR 1   1300                      1466   -166     1762
  SINCE JUL 1   7558                      7481     77     8645

 COOLING
  TODAY            0                         0      0        0
  MONTH TO DATE    0                         0      0        0
  SINCE MAR 1      0                         0      0        0
  SINCE JAN 1      0                         0      0        0
..................................................................


WIND (MPH)
  HIGHEST WIND SPEED    MM   HIGHEST WIND DIRECTION    MM
  HIGHEST GUST SPEED    MM   HIGHEST GUST DIRECTION    MM
  AVERAGE WIND SPEED    MM


SKY COVER
  POSSIBLE SUNSHINE  MM
  AVERAGE SKY COVER  MM


WEATHER CONDITIONS
 THE FOLLOWING WEATHER WAS RECORDED TODAY.
  NO SIGNIFICANT WEATHER WAS OBSERVED.


RELATIVE HUMIDITY (PERCENT)
 HIGHEST    MM
 LOWEST     MM
 AVERAGE    MM

..........................................................


THE CHANHASSEN MN CLIMATE NORMALS FOR TOMORROW
                         NORMAL    RECORD    YEAR
 MAXIMUM TEMPERATURE (F)   60        MM        MM
 MINIMUM TEMPERATURE (F)   38        MM        MM


SUNRISE AND SUNSET
APRIL 20 2015.........SUNRISE   622 AM CDT   SUNSET   806 PM CDT
APRIL 21 2015.........SUNRISE   620 AM CDT   SUNSET   807 PM CDT


-  INDICATES NEGATIVE NUMBERS.
R  INDICATES RECORD WAS SET OR TIED.
MM INDICATES DATA IS MISSING.
T  INDICATES TRACE AMOUNT.




$$
