000
CDUS43 KMPX 300709
CLIMPX


CLIMATE REPORT
NATIONAL WEATHER SERVICE CHANHASSEN MN
209 AM CDT THU APR 30 2015


...................................

...THE CHANHASSEN MN CLIMATE SUMMARY FOR APRIL 29 2015...

CLIMATE NORMAL PERIOD 1981 TO 2010
CLIMATE RECORD PERIOD 1995 TO 2015


WEATHER ITEM   OBSERVED TIME   RECORD YEAR NORMAL DEPARTURE LAST
                VALUE   (LST)  VALUE       VALUE  FROM      YEAR
                                                  NORMAL
..................................................................
TEMPERATURE (F)
 YESTERDAY
  MAXIMUM         66        MM  MM      MM  64      2       42
  MINIMUM         44        MM  MM      MM  42      2       34
  AVERAGE         55                        53      2       38

PRECIPITATION (IN)
  YESTERDAY        0.00         MM      MM   0.12  -0.12     0.68
  MONTH TO DATE    2.22                      2.88  -0.66     7.02
  SINCE MAR 1      3.00                      4.66  -1.66     7.71
  SINCE JAN 1      3.76                      6.47  -2.71    10.62

SNOWFALL (IN)
  YESTERDAY        0.0          MM      MM   0.1   -0.1       T
  MONTH TO DATE    0.5                       3.4   -2.9     10.8
  SINCE MAR 1      9.3                      14.2   -4.9     14.2
  SINCE JUL 1     33.4                      53.9  -20.5     69.5
  SNOW DEPTH       0

DEGREE DAYS
 HEATING
  YESTERDAY       10                        13     -3       27
  MONTH TO DATE  503                       548    -45      683
  SINCE MAR 1   1468                      1594   -126     1951
  SINCE JUL 1   7726                      7609    117     8834

 COOLING
  YESTERDAY        0                         0      0        0
  MONTH TO DATE    0                         0      0        0
  SINCE MAR 1      0                         0      0        0
  SINCE JAN 1      0                         0      0        0
..................................................................


WIND (MPH)
  HIGHEST WIND SPEED    MM   HIGHEST WIND DIRECTION    MM
  HIGHEST GUST SPEED    MM   HIGHEST GUST DIRECTION    MM
  AVERAGE WIND SPEED    MM


SKY COVER
  POSSIBLE SUNSHINE  MM
  AVERAGE SKY COVER  MM


WEATHER CONDITIONS
 THE FOLLOWING WEATHER WAS RECORDED YESTERDAY.
  NO SIGNIFICANT WEATHER WAS OBSERVED.


RELATIVE HUMIDITY (PERCENT)
 HIGHEST    MM
 LOWEST     MM
 AVERAGE    MM

..........................................................


THE CHANHASSEN MN CLIMATE NORMALS FOR TODAY
                         NORMAL    RECORD    YEAR
 MAXIMUM TEMPERATURE (F)   64        MM        MM
 MINIMUM TEMPERATURE (F)   42        MM        MM


SUNRISE AND SUNSET
APRIL 30 2015.........SUNRISE   606 AM CDT   SUNSET   818 PM CDT
MAY  1 2015...........SUNRISE   604 AM CDT   SUNSET   819 PM CDT


-  INDICATES NEGATIVE NUMBERS.
R  INDICATES RECORD WAS SET OR TIED.
MM INDICATES DATA IS MISSING.
T  INDICATES TRACE AMOUNT.




$$
