000
CDUS43 KMPX 290641
CLIMPX


CLIMATE REPORT
NATIONAL WEATHER SERVICE CHANHASSEN MN
141 AM CDT WED APR 29 2015


...................................

...THE CHANHASSEN MN CLIMATE SUMMARY FOR APRIL 28 2015...

CLIMATE NORMAL PERIOD 1981 TO 2010
CLIMATE RECORD PERIOD 1995 TO 2015


WEATHER ITEM   OBSERVED TIME   RECORD YEAR NORMAL DEPARTURE LAST
                VALUE   (LST)  VALUE       VALUE  FROM      YEAR
                                                  NORMAL
..................................................................
TEMPERATURE (F)
 YESTERDAY
  MAXIMUM         64        MM  MM      MM  63      1       44
  MINIMUM         38        MM  MM      MM  41     -3       40
  AVERAGE         51                        52     -1       42

PRECIPITATION (IN)
  YESTERDAY        T            MM      MM   0.12  -0.12     1.26
  MONTH TO DATE    2.22                      2.76  -0.54     6.34
  SINCE MAR 1      3.00                      4.54  -1.54     7.03
  SINCE JAN 1      3.76                      6.35  -2.59     9.94

SNOWFALL (IN)
  YESTERDAY        0.0          MM      MM   0.0    0.0      0.0
  MONTH TO DATE    0.5                       3.3   -2.8     10.8
  SINCE MAR 1      9.3                      14.1   -4.8     14.2
  SINCE JUL 1     33.4                      53.8  -20.4     69.5
  SNOW DEPTH       0

DEGREE DAYS
 HEATING
  YESTERDAY       14                        13      1       23
  MONTH TO DATE  493                       535    -42      656
  SINCE MAR 1   1458                      1581   -123     1924
  SINCE JUL 1   7716                      7596    120     8807

 COOLING
  YESTERDAY        0                         0      0        0
  MONTH TO DATE    0                         0      0        0
  SINCE MAR 1      0                         0      0        0
  SINCE JAN 1      0                         0      0        0
..................................................................


WIND (MPH)
  HIGHEST WIND SPEED    MM   HIGHEST WIND DIRECTION    MM
  HIGHEST GUST SPEED    MM   HIGHEST GUST DIRECTION    MM
  AVERAGE WIND SPEED    MM


SKY COVER
  POSSIBLE SUNSHINE  MM
  AVERAGE SKY COVER  MM


WEATHER CONDITIONS
 THE FOLLOWING WEATHER WAS RECORDED YESTERDAY.
  NO SIGNIFICANT WEATHER WAS OBSERVED.


RELATIVE HUMIDITY (PERCENT)
 HIGHEST    MM
 LOWEST     MM
 AVERAGE    MM

..........................................................


THE CHANHASSEN MN CLIMATE NORMALS FOR TODAY
                         NORMAL    RECORD    YEAR
 MAXIMUM TEMPERATURE (F)   64        MM        MM
 MINIMUM TEMPERATURE (F)   42        MM        MM


SUNRISE AND SUNSET
APRIL 29 2015.........SUNRISE   607 AM CDT   SUNSET   817 PM CDT
APRIL 30 2015.........SUNRISE   606 AM CDT   SUNSET   818 PM CDT


-  INDICATES NEGATIVE NUMBERS.
R  INDICATES RECORD WAS SET OR TIED.
MM INDICATES DATA IS MISSING.
T  INDICATES TRACE AMOUNT.




$$
