000
CDUS43 KMPX 142153
CLIMPX


CLIMATE REPORT
NATIONAL WEATHER SERVICE CHANHASSEN MN
452 PM CDT TUE APR 14 2015


...................................

...THE CHANHASSEN MN CLIMATE SUMMARY FOR APRIL 14 2015...
VALID AS OF 0400 PM LOCAL TIME.

CLIMATE NORMAL PERIOD 1981 TO 2010
CLIMATE RECORD PERIOD 1995 TO 2015


WEATHER ITEM   OBSERVED TIME   RECORD YEAR NORMAL DEPARTURE LAST
                VALUE   (LST)  VALUE       VALUE  FROM      YEAR
                                                  NORMAL
..................................................................
TEMPERATURE (F)
 TODAY
  MAXIMUM         72        MM  MM      MM  57     15       37
  MINIMUM         32        MM  MM      MM  35     -3       23
  AVERAGE         52                        46      6       30

PRECIPITATION (IN)
  TODAY            0.00         MM      MM   0.10  -0.10     0.00
  MONTH TO DATE    1.59                      1.35   0.24     0.84
  SINCE MAR 1      2.37                      3.13  -0.76     1.53
  SINCE JAN 1      3.13                      4.94  -1.81     4.44

SNOWFALL (IN)
  TODAY            0.0          MM      MM   0.1   -0.1      0.0
  MONTH TO DATE    0.5                       2.3   -1.8      8.7
  SINCE MAR 1      9.3                      13.1   -3.8     12.1
  SINCE JUL 1     33.4                      52.8  -19.4     67.4
  SNOW DEPTH       0

DEGREE DAYS
 HEATING
  TODAY           13                        19     -6       35
  MONTH TO DATE  269                       315    -46      349
  SINCE MAR 1   1234                      1361   -127     1617
  SINCE JUL 1   7492                      7376    116     8500

 COOLING
  TODAY            0                         0      0        0
  MONTH TO DATE    0                         0      0        0
  SINCE MAR 1      0                         0      0        0
  SINCE JAN 1      0                         0      0        0
..................................................................




SKY COVER
  POSSIBLE SUNSHINE  MM
  AVERAGE SKY COVER  MM


WEATHER CONDITIONS
 THE FOLLOWING WEATHER WAS RECORDED TODAY.
  NO SIGNIFICANT WEATHER WAS OBSERVED.


RELATIVE HUMIDITY (PERCENT)
 HIGHEST    MM
 LOWEST     MM
 AVERAGE    MM

..........................................................


THE CHANHASSEN MN CLIMATE NORMALS FOR TOMORROW
                         NORMAL    RECORD    YEAR
 MAXIMUM TEMPERATURE (F)   57        MM        MM
 MINIMUM TEMPERATURE (F)   36        MM        MM


SUNRISE AND SUNSET
APRIL 14 2015.........SUNRISE   632 AM CDT   SUNSET   758 PM CDT
APRIL 15 2015.........SUNRISE   630 AM CDT   SUNSET   759 PM CDT


-  INDICATES NEGATIVE NUMBERS.
R  INDICATES RECORD WAS SET OR TIED.
MM INDICATES DATA IS MISSING.
T  INDICATES TRACE AMOUNT.




$$
