000
CDUS43 KMPX 250051
CLIMPX


CLIMATE REPORT
NATIONAL WEATHER SERVICE CHANHASSEN MN
751 PM CDT FRI APR 24 2015


...................................

...THE CHANHASSEN MN CLIMATE SUMMARY FOR APRIL 24 2015...
VALID TODAY AS OF 0700 PM LOCAL TIME.

CLIMATE NORMAL PERIOD 1981 TO 2010
CLIMATE RECORD PERIOD 1995 TO 2015


WEATHER ITEM   OBSERVED TIME   RECORD YEAR NORMAL DEPARTURE LAST
                VALUE   (LST)  VALUE       VALUE  FROM      YEAR
                                                  NORMAL
..................................................................
TEMPERATURE (F)
 TODAY
  MAXIMUM         48        MM  MM      MM  62    -14       45
  MINIMUM         37        MM  MM          40     -3       34
  AVERAGE         43                        51     -8       40

PRECIPITATION (IN)
  TODAY            0.22         MM      MM   0.10   0.12     0.74
  MONTH TO DATE    2.01                      2.31  -0.30     2.90
  SINCE MAR 1      2.79                      4.09  -1.30     3.59
  SINCE JAN 1      3.55                      5.90  -2.35     6.50

SNOWFALL (IN)
  TODAY            0.0          MM      MM   0.0    0.0      0.0
  MONTH TO DATE    0.5                       3.1   -2.6     10.8
  SINCE MAR 1      9.3                      13.9   -4.6     14.2
  SINCE JUL 1     33.4                      53.6  -20.2     69.5
  SNOW DEPTH       0

DEGREE DAYS
 HEATING
  TODAY           22                        15      7       25
  MONTH TO DATE  435                       481    -46      572
  SINCE MAR 1   1400                      1527   -127     1840
  SINCE JUL 1   7658                      7542    116     8723

 COOLING
  TODAY            0                         0      0        0
  MONTH TO DATE    0                         0      0        0
  SINCE MAR 1      0                         0      0        0
  SINCE JAN 1      0                         0      0        0
..................................................................


WIND (MPH)
  HIGHEST WIND SPEED    MM   HIGHEST WIND DIRECTION    MM
  HIGHEST GUST SPEED    MM   HIGHEST GUST DIRECTION    MM
  AVERAGE WIND SPEED    MM


SKY COVER
  POSSIBLE SUNSHINE  MM
  AVERAGE SKY COVER  MM


WEATHER CONDITIONS
 THE FOLLOWING WEATHER WAS RECORDED TODAY.
  NO SIGNIFICANT WEATHER WAS OBSERVED.


RELATIVE HUMIDITY (PERCENT)
 HIGHEST    MM
 LOWEST     MM
 AVERAGE    MM

..........................................................


THE CHANHASSEN MN CLIMATE NORMALS FOR TOMORROW
                         NORMAL    RECORD    YEAR
 MAXIMUM TEMPERATURE (F)   62        MM        MM
 MINIMUM TEMPERATURE (F)   40        MM        MM


SUNRISE AND SUNSET
APRIL 24 2015.........SUNRISE   615 AM CDT   SUNSET   811 PM CDT
APRIL 25 2015.........SUNRISE   613 AM CDT   SUNSET   812 PM CDT


-  INDICATES NEGATIVE NUMBERS.
R  INDICATES RECORD WAS SET OR TIED.
MM INDICATES DATA IS MISSING.
T  INDICATES TRACE AMOUNT.




$$
