000
CDUS43 KMPX 200057
CLIMPX


CLIMATE REPORT
NATIONAL WEATHER SERVICE CHANHASSEN MN
757 PM CDT SUN APR 19 2015


...................................

...THE CHANHASSEN MN CLIMATE SUMMARY FOR APRIL 19 2015...
VALID TODAY AS OF 0700 PM LOCAL TIME.

CLIMATE NORMAL PERIOD 1981 TO 2010
CLIMATE RECORD PERIOD 1995 TO 2015


WEATHER ITEM   OBSERVED TIME   RECORD YEAR NORMAL DEPARTURE LAST
                VALUE   (LST)  VALUE       VALUE  FROM      YEAR
                                                  NORMAL
..................................................................
TEMPERATURE (F)
 TODAY
  MAXIMUM         60        MM  MM      MM  59      1       67
  MINIMUM         47        MM  MM          38      9       43
  AVERAGE         54                        48      6       55

PRECIPITATION (IN)
  TODAY            0.09         MM      MM   0.10  -0.01     0.16
  MONTH TO DATE    1.77                      1.83  -0.06     1.60
  SINCE MAR 1      2.55                      3.61  -1.06     2.29
  SINCE JAN 1      3.31                      5.42  -2.11     5.20

SNOWFALL (IN)
  TODAY            0.0          MM      MM   0.1   -0.1      0.0
  MONTH TO DATE    0.5                       2.8   -2.3     10.8
  SINCE MAR 1      9.3                      13.6   -4.3     14.2
  SINCE JUL 1     33.4                      53.3  -19.9     69.5
  SNOW DEPTH       0

DEGREE DAYS
 HEATING
  TODAY           11                        17     -6       10
  MONTH TO DATE  307                       404    -97      489
  SINCE MAR 1   1272                      1450   -178     1757
  SINCE JUL 1   7530                      7465     65     8640

 COOLING
  TODAY            0                         0      0        0
  MONTH TO DATE    0                         0      0        0
  SINCE MAR 1      0                         0      0        0
  SINCE JAN 1      0                         0      0        0
..................................................................


WIND (MPH)
  HIGHEST WIND SPEED    MM   HIGHEST WIND DIRECTION    MM
  HIGHEST GUST SPEED    MM   HIGHEST GUST DIRECTION    MM
  AVERAGE WIND SPEED    MM


SKY COVER
  POSSIBLE SUNSHINE  MM
  AVERAGE SKY COVER  MM


WEATHER CONDITIONS
 THE FOLLOWING WEATHER WAS RECORDED TODAY.
  NO SIGNIFICANT WEATHER WAS OBSERVED.


RELATIVE HUMIDITY (PERCENT)
 HIGHEST    MM
 LOWEST     MM
 AVERAGE    MM

..........................................................


THE CHANHASSEN MN CLIMATE NORMALS FOR TOMORROW
                         NORMAL    RECORD    YEAR
 MAXIMUM TEMPERATURE (F)   60        MM        MM
 MINIMUM TEMPERATURE (F)   38        MM        MM


SUNRISE AND SUNSET
APRIL 19 2015.........SUNRISE   623 AM CDT   SUNSET   804 PM CDT
APRIL 20 2015.........SUNRISE   622 AM CDT   SUNSET   806 PM CDT


-  INDICATES NEGATIVE NUMBERS.
R  INDICATES RECORD WAS SET OR TIED.
MM INDICATES DATA IS MISSING.
T  INDICATES TRACE AMOUNT.




$$
