000
CXUS53 KMPX 011002
CLMMPX


CLIMATE REPORT
NATIONAL WEATHER SERVICE CHANHASSEN MN
402 AM CST SUN FEB 1 2015

...................................

...THE CHANHASSEN MN CLIMATE SUMMARY FOR THE MONTH OF JANUARY 2015...

CLIMATE NORMAL PERIOD 1981 TO 2010
CLIMATE RECORD PERIOD 1995 TO 2015

WEATHER         OBSERVED          NORMAL  DEPART  LAST YEAR`S
                 VALUE   DATE(S)  VALUE   FROM    VALUE  DATE(S)
                                          NORMAL
................................................................
TEMPERATURE (F)
RECORD
 HIGH              55   01/08/2003
 LOW              -26   01/16/2009
HIGHEST            42   01/26        MM      MM       39  01/12
LOWEST            -17   01/13        MM      MM      -24  01/06
AVG. MAXIMUM     24.5              23.1     1.4     17.0
AVG. MINIMUM      9.4               5.6     3.8     -5.0
MEAN             17.0              14.3     2.7      6.0
DAYS MAX >= 90      0                                  0
DAYS MAX <= 32     21                                 25
DAYS MIN <= 32     31                                 31
DAYS MIN <= 0       9                                 23

PRECIPITATION (INCHES)
RECORD
 MAXIMUM           MM   MM
 MINIMUM           MM   MM
TOTALS           0.37              0.87   -0.50     1.32
DAILY AVG.       0.01                               0.04
DAYS >= .01         8                                 12
DAYS >= .10         1                                  5
DAYS >= .50         0                                  0
DAYS >= 1.00        0                                  0
GREATEST
 24 HR. TOTAL    0.13   01/08 TO 01/08              0.34

SNOWFALL (INCHES)
RECORDS
 TOTAL             MM   MM
TOTALS            4.5              10.3    -5.8     18.3
SINCE 7/1        19.3              30.0   -10.7     36.9
SNOWDEPTH AVG.      2                                  7
DAYS >= 1.0         2                                  6
GREATEST
 SNOW DEPTH         4   01/14                         10  01/31
                                                          01/18
 24 HR TOTAL      1.6   MM

DEGREE_DAYS
HEATING TOTAL    1483              1570     -87     1821
 SINCE 7/1       4719              4731     -12     5250
COOLING TOTAL       0                 0       0        0
 SINCE 1/1          0                 0       0        0
.................................................................

WIND (MPH)
AVERAGE WIND SPEED              MM
RESULTANT WIND SPEED/DIRECTION  MM
HIGHEST WIND SPEED/DIRECTION    MM        DATE   MM
HIGHEST GUST SPEED/DIRECTION    MM        DATE   MM

SKY COVER
POSSIBLE SUNSHINE (PERCENT)   MM
AVERAGE SKY COVER             MM
NUMBER OF DAYS FAIR            0
NUMBER OF DAYS PC              0
NUMBER OF DAYS CLOUDY          0

AVERAGE RH (PERCENT)     MM

WEATHER CONDITIONS. NUMBER OF DAYS WITH
THUNDERSTORM              0     MIXED PRECIP               0
HEAVY RAIN                0     RAIN                       0
LIGHT RAIN                0     FREEZING RAIN              0
LT FREEZING RAIN          0     HAIL                       0
HEAVY SNOW                0     SNOW                       0
LIGHT SNOW                0     SLEET                      0
FOG                       0     FOG W/VIS <= 1/4 MILE      0
HAZE                      0

-  INDICATES NEGATIVE NUMBERS.
R  INDICATES RECORD WAS SET OR TIED.
MM INDICATES DATA IS MISSING.
T  INDICATES TRACE AMOUNT.

$$
