000
CDUS43 KMPX 030633
CLIMSP


CLIMATE REPORT
NATIONAL WEATHER SERVICE CHANHASSEN MN
132 AM CDT SUN MAY 3 2015


...................................

...THE TWIN CITIES MN CLIMATE SUMMARY FOR MAY 2 2015...

CLIMATE NORMAL PERIOD 1981 TO 2010
CLIMATE RECORD PERIOD 1871 TO 2015


WEATHER ITEM   OBSERVED TIME   RECORD YEAR NORMAL DEPARTURE LAST
                VALUE   (LST)  VALUE       VALUE  FROM      YEAR
                                                  NORMAL
..................................................................
TEMPERATURE (F)
 YESTERDAY
  MAXIMUM         80    455 PM  91    1959  65     15       59
                                      1880
  MINIMUM         52    553 AM  24    1961  44      8       42
                                      1875
  AVERAGE         66                        55     11       51

PRECIPITATION (IN)
  YESTERDAY        0.00          1.49 1944   0.11  -0.11      T
  MONTH TO DATE    0.01                      0.22  -0.21     0.04
  SINCE MAR 1      3.10                      4.77  -1.67     7.13
  SINCE JAN 1      3.79                      6.44  -2.65     9.96

SNOWFALL (IN)
  YESTERDAY        0.0           2.2  1954   0.0    0.0      0.0
  MONTH TO DATE    0.0                       0.0    0.0      0.0
  SINCE MAR 1      7.1                      12.7   -5.6     11.7
  SINCE JUL 1     32.4                      54.4  -22.0     69.8
  SNOW DEPTH       0

DEGREE DAYS
 HEATING
  YESTERDAY        0                        11    -11       14
  MONTH TO DATE    7                        22    -15       36
  SINCE MAR 1   1364                      1550   -186     1915
  SINCE JUL 1   7329                      7340    -11     8368

 COOLING
  YESTERDAY        1                         0      1        0
  MONTH TO DATE    1                         0      1        0
  SINCE MAR 1      1                         5     -4        0
  SINCE JAN 1      1                         5     -4        0
..................................................................


WIND (MPH)
  HIGHEST WIND SPEED    17   HIGHEST WIND DIRECTION     S (170)
  HIGHEST GUST SPEED    24   HIGHEST GUST DIRECTION     S (190)
  AVERAGE WIND SPEED     8.3


SKY COVER
  POSSIBLE SUNSHINE  MM
  AVERAGE SKY COVER 0.2


WEATHER CONDITIONS
 THE FOLLOWING WEATHER WAS RECORDED YESTERDAY.
  NO SIGNIFICANT WEATHER WAS OBSERVED.


RELATIVE HUMIDITY (PERCENT)
 HIGHEST    77           500 AM
 LOWEST     26           400 PM
 AVERAGE    52

..........................................................


THE TWIN CITIES MN CLIMATE NORMALS FOR TODAY
                         NORMAL    RECORD    YEAR
 MAXIMUM TEMPERATURE (F)   66        93      1949
 MINIMUM TEMPERATURE (F)   45        18      1967


SUNRISE AND SUNSET
MAY  3 2015...........SUNRISE   600 AM CDT   SUNSET   820 PM CDT
MAY  4 2015...........SUNRISE   558 AM CDT   SUNSET   822 PM CDT


-  INDICATES NEGATIVE NUMBERS.
R  INDICATES RECORD WAS SET OR TIED.
MM INDICATES DATA IS MISSING.
T  INDICATES TRACE AMOUNT.




$$
